{"id":9661,"date":"2025-02-03T18:14:46","date_gmt":"2025-02-03T17:14:46","guid":{"rendered":"https:\/\/www.fanprojekt-muenster.de\/wordpress\/?post_type=team&#038;p=9661"},"modified":"2025-02-03T18:28:07","modified_gmt":"2025-02-03T17:28:07","slug":"hendrik-brueggemann","status":"publish","type":"team","link":"https:\/\/www.fanprojekt-muenster.de\/wordpress\/team\/hendrik-brueggemann\/","title":{"rendered":"Hendrik Br\u00fcggemann"},"content":{"rendered":"<p>&nbsp;<br \/>\n&nbsp;<br \/>\n<strong><em>Vier Fragen an die Vorst\u00e4nde der Fangemeinschaft Preu\u00dfen M\u00fcnster im Januar 2024:<\/em><\/strong><br \/>\n&nbsp;<br \/>\n<em>Seit wann gehst du zu Preu\u00dfen?<\/em><br \/>\nAuch schon seit \u00fcber 25 Jahren. Mein erstes Spiel muss Ende der 90er oder Anfang der 00er gewesen sein. Da hat mich meine Tante damals mitgenommen. Kurz danach bin ich dann mit Schulfreunden im Stadion heimisch geworden.<br \/>\n&nbsp;<br \/>\n<em>Wo ist dein Platz im Stadion?<\/em><br \/>\nAuf jeden Fall auf den Stehpl\u00e4tzen. \u00dcber die Jahre bin ich zwischen Block O und Block N hin und hergewechselt. Nun stehe ich bereits seit einiger Zeit im Block N.&nbsp;<br \/>\n<em>Warum engagierst du dich in der Fangemeinschaft?<\/em><br \/>\nZur FG bin ich vor allem durch meinen sehr guten Freund Torben gekommen. Ihn habe ich \u00fcber die gemeinsame Leidenschaft f\u00fcr Preu\u00dfen kennengelernt. Au\u00dferdem m\u00f6chte ich mithelfen, die FG zu einer sichtbaren Anlaufstelle f\u00fcr Fans zu machen. Ich m\u00f6chte, dass der Verein fanfreundlich bleibt. Themen gibt es viele. Angefangen bei der Betreuung von Fanclubs \u00fcber Zaunfahnenpl\u00e4tze im Stadion bis zum Dialogprozess rund um das neue Stadion m\u00f6chte ich Fan-Themen in die offiziellen Vereinsgremien tragen.<br \/>\n&nbsp;<br \/>\n<em>Was m\u00f6chtest du in der Fangemeinschaft bewegen?<\/em><br \/>\nDie Fanszene kann und muss noch weiter zusammenwachsen. Dabei m\u00f6chte ich gerne helfen. Es wird in ein paar Jahren nur noch eine gro\u00dfe Stehplatztrib\u00fcne geben auf der sich dann viele Fans wiederfinden, die aktuell in sehr unterschiedlichen Bereichen des altehrw\u00fcrdigen Runds Fu\u00dfball schauen und ihre Spieltagsgewohnheiten haben. Auf uns alle wartet daher eine herausfordernde Umstellung. Au\u00dferdem m\u00f6chte ich Fanthemen mit dem Verein kommunizieren, um m\u00f6glichst alle Bed\u00fcrfnisse der Fans f\u00fcr einen sch\u00f6nen Spieltag stetig zu verbessern.<br \/>\n&nbsp;<\/p>\n","protected":false},"author":7,"featured_media":0,"menu_order":7,"template":"","team_designation":[334],"team_department":[315],"class_list":["post-9661","team","type-team","status-publish","hentry","team_designation-beisitz-veranstaltungen","team_department-vorstand"],"yoast_head":"<!-- This site is optimized with the Yoast SEO plugin v27.2 - https:\/\/yoast.com\/product\/yoast-seo-wordpress\/ -->\n<title>Hendrik Br\u00fcggemann - Fangemeinschaft Preu\u00dfen M\u00fcnster e. V.<\/title>\n<meta name=\"robots\" content=\"index, follow, max-snippet:-1, max-image-preview:large, max-video-preview:-1\" \/>\n<link rel=\"canonical\" href=\"https:\/\/www.fanprojekt-muenster.de\/wordpress\/team\/hendrik-brueggemann\/\" \/>\n<meta property=\"og:locale\" content=\"de_DE\" \/>\n<meta property=\"og:type\" content=\"article\" \/>\n<meta property=\"og:title\" content=\"Hendrik Br\u00fcggemann - Fangemeinschaft Preu\u00dfen M\u00fcnster e. V.\" \/>\n<meta property=\"og:description\" content=\"&nbsp; &nbsp; Vier Fragen an die Vorst\u00e4nde der Fangemeinschaft Preu\u00dfen M\u00fcnster im Januar 2024: &nbsp; Seit wann gehst du zu Preu\u00dfen? Auch schon seit \u00fcber 25 Jahren. Mein erstes Spiel... Read more &raquo;\" \/>\n<meta property=\"og:url\" content=\"https:\/\/www.fanprojekt-muenster.de\/wordpress\/team\/hendrik-brueggemann\/\" \/>\n<meta property=\"og:site_name\" content=\"Fangemeinschaft Preu\u00dfen M\u00fcnster e. V.\" \/>\n<meta property=\"article:modified_time\" content=\"2025-02-03T17:28:07+00:00\" \/>\n<meta name=\"twitter:card\" content=\"summary_large_image\" \/>\n<meta name=\"twitter:label1\" content=\"Gesch\u00e4tzte Lesezeit\" \/>\n\t<meta name=\"twitter:data1\" content=\"2\u00a0Minuten\" \/>\n<script type=\"application\/ld+json\" class=\"yoast-schema-graph\">{\"@context\":\"https:\/\/schema.org\",\"@graph\":[{\"@type\":\"WebPage\",\"@id\":\"https:\/\/www.fanprojekt-muenster.de\/wordpress\/team\/hendrik-brueggemann\/\",\"url\":\"https:\/\/www.fanprojekt-muenster.de\/wordpress\/team\/hendrik-brueggemann\/\",\"name\":\"Hendrik Br\u00fcggemann - Fangemeinschaft Preu\u00dfen M\u00fcnster e. V.\",\"isPartOf\":{\"@id\":\"https:\/\/www.fanprojekt-muenster.de\/wordpress\/#website\"},\"datePublished\":\"2025-02-03T17:14:46+00:00\",\"dateModified\":\"2025-02-03T17:28:07+00:00\",\"breadcrumb\":{\"@id\":\"https:\/\/www.fanprojekt-muenster.de\/wordpress\/team\/hendrik-brueggemann\/#breadcrumb\"},\"inLanguage\":\"de\",\"potentialAction\":[{\"@type\":\"ReadAction\",\"target\":[\"https:\/\/www.fanprojekt-muenster.de\/wordpress\/team\/hendrik-brueggemann\/\"]}]},{\"@type\":\"BreadcrumbList\",\"@id\":\"https:\/\/www.fanprojekt-muenster.de\/wordpress\/team\/hendrik-brueggemann\/#breadcrumb\",\"itemListElement\":[{\"@type\":\"ListItem\",\"position\":1,\"name\":\"Startseite\",\"item\":\"https:\/\/www.fanprojekt-muenster.de\/wordpress\/\"},{\"@type\":\"ListItem\",\"position\":2,\"name\":\"Hendrik Br\u00fcggemann\"}]},{\"@type\":\"WebSite\",\"@id\":\"https:\/\/www.fanprojekt-muenster.de\/wordpress\/#website\",\"url\":\"https:\/\/www.fanprojekt-muenster.de\/wordpress\/\",\"name\":\"Fangemeinschaft Preu\u00dfen M\u00fcnster e. V.\",\"description\":\"\",\"publisher\":{\"@id\":\"https:\/\/www.fanprojekt-muenster.de\/wordpress\/#organization\"},\"potentialAction\":[{\"@type\":\"SearchAction\",\"target\":{\"@type\":\"EntryPoint\",\"urlTemplate\":\"https:\/\/www.fanprojekt-muenster.de\/wordpress\/?s={search_term_string}\"},\"query-input\":{\"@type\":\"PropertyValueSpecification\",\"valueRequired\":true,\"valueName\":\"search_term_string\"}}],\"inLanguage\":\"de\"},{\"@type\":\"Organization\",\"@id\":\"https:\/\/www.fanprojekt-muenster.de\/wordpress\/#organization\",\"name\":\"Fangemeinschaft Preu\u00dfen M\u00fcnster e. V.\",\"url\":\"https:\/\/www.fanprojekt-muenster.de\/wordpress\/\",\"logo\":{\"@type\":\"ImageObject\",\"inLanguage\":\"de\",\"@id\":\"https:\/\/www.fanprojekt-muenster.de\/wordpress\/#\/schema\/logo\/image\/\",\"url\":\"https:\/\/www.fanprojekt-muenster.de\/wordpress\/wp-content\/uploads\/2019\/07\/cropped-Website_Logo3-9.png\",\"contentUrl\":\"https:\/\/www.fanprojekt-muenster.de\/wordpress\/wp-content\/uploads\/2019\/07\/cropped-Website_Logo3-9.png\",\"width\":224,\"height\":42,\"caption\":\"Fangemeinschaft Preu\u00dfen M\u00fcnster e. V.\"},\"image\":{\"@id\":\"https:\/\/www.fanprojekt-muenster.de\/wordpress\/#\/schema\/logo\/image\/\"}}]}<\/script>\n<!-- \/ Yoast SEO plugin. -->","yoast_head_json":{"title":"Hendrik Br\u00fcggemann - Fangemeinschaft Preu\u00dfen M\u00fcnster e. V.","robots":{"index":"index","follow":"follow","max-snippet":"max-snippet:-1","max-image-preview":"max-image-preview:large","max-video-preview":"max-video-preview:-1"},"canonical":"https:\/\/www.fanprojekt-muenster.de\/wordpress\/team\/hendrik-brueggemann\/","og_locale":"de_DE","og_type":"article","og_title":"Hendrik Br\u00fcggemann - Fangemeinschaft Preu\u00dfen M\u00fcnster e. V.","og_description":"&nbsp; &nbsp; Vier Fragen an die Vorst\u00e4nde der Fangemeinschaft Preu\u00dfen M\u00fcnster im Januar 2024: &nbsp; Seit wann gehst du zu Preu\u00dfen? Auch schon seit \u00fcber 25 Jahren. Mein erstes Spiel... Read more &raquo;","og_url":"https:\/\/www.fanprojekt-muenster.de\/wordpress\/team\/hendrik-brueggemann\/","og_site_name":"Fangemeinschaft Preu\u00dfen M\u00fcnster e. V.","article_modified_time":"2025-02-03T17:28:07+00:00","twitter_card":"summary_large_image","twitter_misc":{"Gesch\u00e4tzte Lesezeit":"2\u00a0Minuten"},"schema":{"@context":"https:\/\/schema.org","@graph":[{"@type":"WebPage","@id":"https:\/\/www.fanprojekt-muenster.de\/wordpress\/team\/hendrik-brueggemann\/","url":"https:\/\/www.fanprojekt-muenster.de\/wordpress\/team\/hendrik-brueggemann\/","name":"Hendrik Br\u00fcggemann - Fangemeinschaft Preu\u00dfen M\u00fcnster e. V.","isPartOf":{"@id":"https:\/\/www.fanprojekt-muenster.de\/wordpress\/#website"},"datePublished":"2025-02-03T17:14:46+00:00","dateModified":"2025-02-03T17:28:07+00:00","breadcrumb":{"@id":"https:\/\/www.fanprojekt-muenster.de\/wordpress\/team\/hendrik-brueggemann\/#breadcrumb"},"inLanguage":"de","potentialAction":[{"@type":"ReadAction","target":["https:\/\/www.fanprojekt-muenster.de\/wordpress\/team\/hendrik-brueggemann\/"]}]},{"@type":"BreadcrumbList","@id":"https:\/\/www.fanprojekt-muenster.de\/wordpress\/team\/hendrik-brueggemann\/#breadcrumb","itemListElement":[{"@type":"ListItem","position":1,"name":"Startseite","item":"https:\/\/www.fanprojekt-muenster.de\/wordpress\/"},{"@type":"ListItem","position":2,"name":"Hendrik Br\u00fcggemann"}]},{"@type":"WebSite","@id":"https:\/\/www.fanprojekt-muenster.de\/wordpress\/#website","url":"https:\/\/www.fanprojekt-muenster.de\/wordpress\/","name":"Fangemeinschaft Preu\u00dfen M\u00fcnster e. V.","description":"","publisher":{"@id":"https:\/\/www.fanprojekt-muenster.de\/wordpress\/#organization"},"potentialAction":[{"@type":"SearchAction","target":{"@type":"EntryPoint","urlTemplate":"https:\/\/www.fanprojekt-muenster.de\/wordpress\/?s={search_term_string}"},"query-input":{"@type":"PropertyValueSpecification","valueRequired":true,"valueName":"search_term_string"}}],"inLanguage":"de"},{"@type":"Organization","@id":"https:\/\/www.fanprojekt-muenster.de\/wordpress\/#organization","name":"Fangemeinschaft Preu\u00dfen M\u00fcnster e. V.","url":"https:\/\/www.fanprojekt-muenster.de\/wordpress\/","logo":{"@type":"ImageObject","inLanguage":"de","@id":"https:\/\/www.fanprojekt-muenster.de\/wordpress\/#\/schema\/logo\/image\/","url":"https:\/\/www.fanprojekt-muenster.de\/wordpress\/wp-content\/uploads\/2019\/07\/cropped-Website_Logo3-9.png","contentUrl":"https:\/\/www.fanprojekt-muenster.de\/wordpress\/wp-content\/uploads\/2019\/07\/cropped-Website_Logo3-9.png","width":224,"height":42,"caption":"Fangemeinschaft Preu\u00dfen M\u00fcnster e. V."},"image":{"@id":"https:\/\/www.fanprojekt-muenster.de\/wordpress\/#\/schema\/logo\/image\/"}}]}},"featured_img":false,"coauthors":[],"author_meta":{"author_link":"https:\/\/www.fanprojekt-muenster.de\/wordpress\/author\/jogy\/","display_name":"CJO"},"relative_dates":{"created":"Posted 1\u00a0Jahr ago","modified":"Updated 1\u00a0Jahr ago"},"absolute_dates":{"created":"Posted on 3. Februar 2025","modified":"Updated on 3. Februar 2025"},"absolute_dates_time":{"created":"Posted on 3. Februar 2025 18:14","modified":"Updated on 3. Februar 2025 18:28"},"featured_img_caption":"","tax_additional":{"team_designation":{"linked":["<a href=\"https:\/\/www.fanprojekt-muenster.de\/wordpress\/team_designation\/beisitz-veranstaltungen\/\" class=\"advgb-post-tax-term\">Beisitz Veranstaltungen<\/a>"],"unlinked":["<span class=\"advgb-post-tax-term\">Beisitz Veranstaltungen<\/span>"],"slug":"team_designation","name":"Designations"},"team_department":{"linked":["<a href=\"https:\/\/www.fanprojekt-muenster.de\/wordpress\/team_department\/vorstand\/\" class=\"advgb-post-tax-term\">Vorstand<\/a>"],"unlinked":["<span class=\"advgb-post-tax-term\">Vorstand<\/span>"],"slug":"team_department","name":"Department"}},"series_order":"","_links":{"self":[{"href":"https:\/\/www.fanprojekt-muenster.de\/wordpress\/wp-json\/wp\/v2\/team\/9661","targetHints":{"allow":["GET"]}}],"collection":[{"href":"https:\/\/www.fanprojekt-muenster.de\/wordpress\/wp-json\/wp\/v2\/team"}],"about":[{"href":"https:\/\/www.fanprojekt-muenster.de\/wordpress\/wp-json\/wp\/v2\/types\/team"}],"author":[{"embeddable":true,"href":"https:\/\/www.fanprojekt-muenster.de\/wordpress\/wp-json\/wp\/v2\/users\/7"}],"wp:attachment":[{"href":"https:\/\/www.fanprojekt-muenster.de\/wordpress\/wp-json\/wp\/v2\/media?parent=9661"}],"wp:term":[{"taxonomy":"team_designation","embeddable":true,"href":"https:\/\/www.fanprojekt-muenster.de\/wordpress\/wp-json\/wp\/v2\/team_designation?post=9661"},{"taxonomy":"team_department","embeddable":true,"href":"https:\/\/www.fanprojekt-muenster.de\/wordpress\/wp-json\/wp\/v2\/team_department?post=9661"}],"curies":[{"name":"wp","href":"https:\/\/api.w.org\/{rel}","templated":true}]}}

Hendrik Brüggemann

<p>&nbsp;<br />
&nbsp;<br />
<strong><em>Vier Fragen an die Vorstände der Fangemeinschaft Preußen Münster im Januar 2024:</em></strong><br />
&nbsp;<br />
<em>Seit wann gehst du zu Preußen?</em><br />
Auch schon seit über 25 Jahren. Mein erstes Spiel muss Ende der 90er oder Anfang der 00er gewesen sein. Da hat mich meine Tante damals mitgenommen. Kurz danach bin ich dann mit Schulfreunden im Stadion heimisch geworden.<br />
&nbsp;<br />
<em>Wo ist dein Platz im Stadion?</em><br />
Auf jeden Fall auf den Stehplätzen. Über die Jahre bin ich zwischen Block O und Block N hin und hergewechselt. Nun stehe ich bereits seit einiger Zeit im Block N.&nbsp;<br />
<em>Warum engagierst du dich in der Fangemeinschaft?</em><br />
Zur FG bin ich vor allem durch meinen sehr guten Freund Torben gekommen. Ihn habe ich über die gemeinsame Leidenschaft für Preußen kennengelernt. Außerdem möchte ich mithelfen, die FG zu einer sichtbaren Anlaufstelle für Fans zu machen. Ich möchte, dass der Verein fanfreundlich bleibt. Themen gibt es viele. Angefangen bei der Betreuung von Fanclubs über Zaunfahnenplätze im Stadion bis zum Dialogprozess rund um das neue Stadion möchte ich Fan-Themen in die offiziellen Vereinsgremien tragen.<br />
&nbsp;<br />
<em>Was möchtest du in der Fangemeinschaft bewegen?</em><br />
Die Fanszene kann und muss noch weiter zusammenwachsen. Dabei möchte ich gerne helfen. Es wird in ein paar Jahren nur noch eine große Stehplatztribüne geben auf der sich dann viele Fans wiederfinden, die aktuell in sehr unterschiedlichen Bereichen des altehrwürdigen Runds Fußball schauen und ihre Spieltagsgewohnheiten haben. Auf uns alle wartet daher eine herausfordernde Umstellung. Außerdem möchte ich Fanthemen mit dem Verein kommunizieren, um möglichst alle Bedürfnisse der Fans für einen schönen Spieltag stetig zu verbessern.<br />
&nbsp;</p>

<!-- This site is optimized with the Yoast SEO plugin v27.2 - https://yoast.com/product/yoast-seo-wordpress/ -->
<title>Hendrik Brüggemann - Fangemeinschaft Preußen Münster e. V.</title>
<meta name="robots" content="index, follow, max-snippet:-1, max-image-preview:large, max-video-preview:-1" />
<link rel="canonical" href="https://www.fanprojekt-muenster.de/wordpress/team/hendrik-brueggemann/" />
<meta property="og:locale" content="de_DE" />
<meta property="og:type" content="article" />
<meta property="og:title" content="Hendrik Brüggemann - Fangemeinschaft Preußen Münster e. V." />
<meta property="og:description" content="&nbsp; &nbsp; Vier Fragen an die Vorstände der Fangemeinschaft Preußen Münster im Januar 2024: &nbsp; Seit wann gehst du zu Preußen? Auch schon seit über 25 Jahren. Mein erstes Spiel... Read more &raquo;" />
<meta property="og:url" content="https://www.fanprojekt-muenster.de/wordpress/team/hendrik-brueggemann/" />
<meta property="og:site_name" content="Fangemeinschaft Preußen Münster e. V." />
<meta property="article:modified_time" content="2025-02-03T17:28:07+00:00" />
<meta name="twitter:card" content="summary_large_image" />
<meta name="twitter:label1" content="Geschätzte Lesezeit" />
	<meta name="twitter:data1" content="2 Minuten" />
<script type="application/ld+json" class="yoast-schema-graph">{"@context":"https://schema.org","@graph":[{"@type":"WebPage","@id":"https://www.fanprojekt-muenster.de/wordpress/team/hendrik-brueggemann/","url":"https://www.fanprojekt-muenster.de/wordpress/team/hendrik-brueggemann/","name":"Hendrik Brüggemann - Fangemeinschaft Preußen Münster e. V.","isPartOf":{"@id":"https://www.fanprojekt-muenster.de/wordpress/#website"},"datePublished":"2025-02-03T17:14:46+00:00","dateModified":"2025-02-03T17:28:07+00:00","breadcrumb":{"@id":"https://www.fanprojekt-muenster.de/wordpress/team/hendrik-brueggemann/#breadcrumb"},"inLanguage":"de","potentialAction":[{"@type":"ReadAction","target":["https://www.fanprojekt-muenster.de/wordpress/team/hendrik-brueggemann/"]}]},{"@type":"BreadcrumbList","@id":"https://www.fanprojekt-muenster.de/wordpress/team/hendrik-brueggemann/#breadcrumb","itemListElement":[{"@type":"ListItem","position":1,"name":"Startseite","item":"https://www.fanprojekt-muenster.de/wordpress/"},{"@type":"ListItem","position":2,"name":"Hendrik Brüggemann"}]},{"@type":"WebSite","@id":"https://www.fanprojekt-muenster.de/wordpress/#website","url":"https://www.fanprojekt-muenster.de/wordpress/","name":"Fangemeinschaft Preußen Münster e. V.","description":"","publisher":{"@id":"https://www.fanprojekt-muenster.de/wordpress/#organization"},"potentialAction":[{"@type":"SearchAction","target":{"@type":"EntryPoint","urlTemplate":"https://www.fanprojekt-muenster.de/wordpress/?s={search_term_string}"},"query-input":{"@type":"PropertyValueSpecification","valueRequired":true,"valueName":"search_term_string"}}],"inLanguage":"de"},{"@type":"Organization","@id":"https://www.fanprojekt-muenster.de/wordpress/#organization","name":"Fangemeinschaft Preußen Münster e. V.","url":"https://www.fanprojekt-muenster.de/wordpress/","logo":{"@type":"ImageObject","inLanguage":"de","@id":"https://www.fanprojekt-muenster.de/wordpress/#/schema/logo/image/","url":"https://www.fanprojekt-muenster.de/wordpress/wp-content/uploads/2019/07/cropped-Website_Logo3-9.png","contentUrl":"https://www.fanprojekt-muenster.de/wordpress/wp-content/uploads/2019/07/cropped-Website_Logo3-9.png","width":224,"height":42,"caption":"Fangemeinschaft Preußen Münster e. V."},"image":{"@id":"https://www.fanprojekt-muenster.de/wordpress/#/schema/logo/image/"}}]}</script>
<!-- / Yoast SEO plugin. -->

Hendrik Brüggemann - Fangemeinschaft Preußen Münster e. V.

&nbsp; &nbsp; Vier Fragen an die Vorstände der Fangemeinschaft Preußen Münster im Januar 2024: &nbsp; Seit wann gehst du zu Preußen? Auch schon seit über 25 Jahren. Mein erstes Spiel... Read more &raquo;

Fangemeinschaft Preußen Münster e. V.
