{"id":5037,"date":"2015-09-24T21:17:03","date_gmt":"2015-09-24T19:17:03","guid":{"rendered":"http:\/\/www.fanprojekt-muenster.de\/wp\/?page_id=5037"},"modified":"2015-09-24T21:17:03","modified_gmt":"2015-09-24T19:17:03","slug":"demonstration-haende-weg-vom-fussball-gegen-gaesteverbote-und-repressionen","status":"publish","type":"page","link":"https:\/\/www.fanprojekt-muenster.de\/wordpress\/galerien\/demonstration-haende-weg-vom-fussball-gegen-gaesteverbote-und-repressionen\/","title":{"rendered":"Demonstration: H\u00e4nde weg vom Fu\u00dfball! Gegen G\u00e4steverbote und Repressionen!"},"content":{"rendered":"<p>Datum: 23.09.2015<br \/>\nTeilnehmer:\u00a0350-450<br \/>\nOrt:\u00a0Osnabr\u00fcck HBF<\/p>\n<p>Ihr habt weitere Bilder f\u00fcr unsere Galerie? Dann schickt uns diese gerne an <a href=\"mailto:joerg@fanprojekt-muenster.de\">joerg@fanprojekt-muenster.de<\/a> !<\/p>\n","protected":false},"excerpt":{"rendered":"<p>Datum: 23.09.2015 Teilnehmer:\u00a0350-450 Ort:\u00a0Osnabr\u00fcck HBF Ihr habt weitere Bilder f\u00fcr unsere Galerie? Dann schickt uns diese gerne an joerg@fanprojekt-muenster.de !<\/p>\n","protected":false},"author":2,"featured_media":0,"parent":3865,"menu_order":0,"comment_status":"closed","ping_status":"closed","template":"","meta":{"advgb_blocks_editor_width":"","advgb_blocks_columns_visual_guide":"","footnotes":""},"class_list":["post-5037","page","type-page","status-publish","hentry"],"featured_image_src":null,"yoast_head":"<!-- This site is optimized with the Yoast SEO plugin v27.2 - https:\/\/yoast.com\/product\/yoast-seo-wordpress\/ -->\n<title>Demonstration: H\u00e4nde weg vom Fu\u00dfball! Gegen G\u00e4steverbote und Repressionen! - Fangemeinschaft Preu\u00dfen M\u00fcnster e. V.<\/title>\n<meta name=\"robots\" content=\"index, follow, max-snippet:-1, max-image-preview:large, max-video-preview:-1\" \/>\n<link rel=\"canonical\" href=\"https:\/\/www.fanprojekt-muenster.de\/wordpress\/galerien\/demonstration-haende-weg-vom-fussball-gegen-gaesteverbote-und-repressionen\/\" \/>\n<meta property=\"og:locale\" content=\"de_DE\" \/>\n<meta property=\"og:type\" content=\"article\" \/>\n<meta property=\"og:title\" content=\"Demonstration: H\u00e4nde weg vom Fu\u00dfball! Gegen G\u00e4steverbote und Repressionen! - Fangemeinschaft Preu\u00dfen M\u00fcnster e. V.\" \/>\n<meta property=\"og:description\" content=\"Datum: 23.09.2015 Teilnehmer:\u00a0350-450 Ort:\u00a0Osnabr\u00fcck HBF Ihr habt weitere Bilder f\u00fcr unsere Galerie? Dann schickt uns diese gerne an joerg@fanprojekt-muenster.de !\" \/>\n<meta property=\"og:url\" content=\"https:\/\/www.fanprojekt-muenster.de\/wordpress\/galerien\/demonstration-haende-weg-vom-fussball-gegen-gaesteverbote-und-repressionen\/\" \/>\n<meta property=\"og:site_name\" content=\"Fangemeinschaft Preu\u00dfen M\u00fcnster e. V.\" \/>\n<meta name=\"twitter:card\" content=\"summary_large_image\" \/>\n<script type=\"application\/ld+json\" class=\"yoast-schema-graph\">{\"@context\":\"https:\/\/schema.org\",\"@graph\":[{\"@type\":\"WebPage\",\"@id\":\"https:\/\/www.fanprojekt-muenster.de\/wordpress\/galerien\/demonstration-haende-weg-vom-fussball-gegen-gaesteverbote-und-repressionen\/\",\"url\":\"https:\/\/www.fanprojekt-muenster.de\/wordpress\/galerien\/demonstration-haende-weg-vom-fussball-gegen-gaesteverbote-und-repressionen\/\",\"name\":\"Demonstration: H\u00e4nde weg vom Fu\u00dfball! Gegen G\u00e4steverbote und Repressionen! - Fangemeinschaft Preu\u00dfen M\u00fcnster e. V.\",\"isPartOf\":{\"@id\":\"https:\/\/www.fanprojekt-muenster.de\/wordpress\/#website\"},\"datePublished\":\"2015-09-24T19:17:03+00:00\",\"breadcrumb\":{\"@id\":\"https:\/\/www.fanprojekt-muenster.de\/wordpress\/galerien\/demonstration-haende-weg-vom-fussball-gegen-gaesteverbote-und-repressionen\/#breadcrumb\"},\"inLanguage\":\"de\",\"potentialAction\":[{\"@type\":\"ReadAction\",\"target\":[\"https:\/\/www.fanprojekt-muenster.de\/wordpress\/galerien\/demonstration-haende-weg-vom-fussball-gegen-gaesteverbote-und-repressionen\/\"]}]},{\"@type\":\"BreadcrumbList\",\"@id\":\"https:\/\/www.fanprojekt-muenster.de\/wordpress\/galerien\/demonstration-haende-weg-vom-fussball-gegen-gaesteverbote-und-repressionen\/#breadcrumb\",\"itemListElement\":[{\"@type\":\"ListItem\",\"position\":1,\"name\":\"Startseite\",\"item\":\"https:\/\/www.fanprojekt-muenster.de\/wordpress\/\"},{\"@type\":\"ListItem\",\"position\":2,\"name\":\"Galerien\",\"item\":\"https:\/\/www.fanprojekt-muenster.de\/wordpress\/galerien\/\"},{\"@type\":\"ListItem\",\"position\":3,\"name\":\"Demonstration: H\u00e4nde weg vom Fu\u00dfball! Gegen G\u00e4steverbote und Repressionen!\"}]},{\"@type\":\"WebSite\",\"@id\":\"https:\/\/www.fanprojekt-muenster.de\/wordpress\/#website\",\"url\":\"https:\/\/www.fanprojekt-muenster.de\/wordpress\/\",\"name\":\"Fangemeinschaft Preu\u00dfen M\u00fcnster e. V.\",\"description\":\"\",\"publisher\":{\"@id\":\"https:\/\/www.fanprojekt-muenster.de\/wordpress\/#organization\"},\"potentialAction\":[{\"@type\":\"SearchAction\",\"target\":{\"@type\":\"EntryPoint\",\"urlTemplate\":\"https:\/\/www.fanprojekt-muenster.de\/wordpress\/?s={search_term_string}\"},\"query-input\":{\"@type\":\"PropertyValueSpecification\",\"valueRequired\":true,\"valueName\":\"search_term_string\"}}],\"inLanguage\":\"de\"},{\"@type\":\"Organization\",\"@id\":\"https:\/\/www.fanprojekt-muenster.de\/wordpress\/#organization\",\"name\":\"Fangemeinschaft Preu\u00dfen M\u00fcnster e. V.\",\"url\":\"https:\/\/www.fanprojekt-muenster.de\/wordpress\/\",\"logo\":{\"@type\":\"ImageObject\",\"inLanguage\":\"de\",\"@id\":\"https:\/\/www.fanprojekt-muenster.de\/wordpress\/#\/schema\/logo\/image\/\",\"url\":\"https:\/\/www.fanprojekt-muenster.de\/wordpress\/wp-content\/uploads\/2019\/07\/cropped-Website_Logo3-9.png\",\"contentUrl\":\"https:\/\/www.fanprojekt-muenster.de\/wordpress\/wp-content\/uploads\/2019\/07\/cropped-Website_Logo3-9.png\",\"width\":224,\"height\":42,\"caption\":\"Fangemeinschaft Preu\u00dfen M\u00fcnster e. V.\"},\"image\":{\"@id\":\"https:\/\/www.fanprojekt-muenster.de\/wordpress\/#\/schema\/logo\/image\/\"}}]}<\/script>\n<!-- \/ Yoast SEO plugin. -->","yoast_head_json":{"title":"Demonstration: H\u00e4nde weg vom Fu\u00dfball! Gegen G\u00e4steverbote und Repressionen! - Fangemeinschaft Preu\u00dfen M\u00fcnster e. V.","robots":{"index":"index","follow":"follow","max-snippet":"max-snippet:-1","max-image-preview":"max-image-preview:large","max-video-preview":"max-video-preview:-1"},"canonical":"https:\/\/www.fanprojekt-muenster.de\/wordpress\/galerien\/demonstration-haende-weg-vom-fussball-gegen-gaesteverbote-und-repressionen\/","og_locale":"de_DE","og_type":"article","og_title":"Demonstration: H\u00e4nde weg vom Fu\u00dfball! Gegen G\u00e4steverbote und Repressionen! - Fangemeinschaft Preu\u00dfen M\u00fcnster e. V.","og_description":"Datum: 23.09.2015 Teilnehmer:\u00a0350-450 Ort:\u00a0Osnabr\u00fcck HBF Ihr habt weitere Bilder f\u00fcr unsere Galerie? Dann schickt uns diese gerne an joerg@fanprojekt-muenster.de !","og_url":"https:\/\/www.fanprojekt-muenster.de\/wordpress\/galerien\/demonstration-haende-weg-vom-fussball-gegen-gaesteverbote-und-repressionen\/","og_site_name":"Fangemeinschaft Preu\u00dfen M\u00fcnster e. V.","twitter_card":"summary_large_image","schema":{"@context":"https:\/\/schema.org","@graph":[{"@type":"WebPage","@id":"https:\/\/www.fanprojekt-muenster.de\/wordpress\/galerien\/demonstration-haende-weg-vom-fussball-gegen-gaesteverbote-und-repressionen\/","url":"https:\/\/www.fanprojekt-muenster.de\/wordpress\/galerien\/demonstration-haende-weg-vom-fussball-gegen-gaesteverbote-und-repressionen\/","name":"Demonstration: H\u00e4nde weg vom Fu\u00dfball! Gegen G\u00e4steverbote und Repressionen! - Fangemeinschaft Preu\u00dfen M\u00fcnster e. V.","isPartOf":{"@id":"https:\/\/www.fanprojekt-muenster.de\/wordpress\/#website"},"datePublished":"2015-09-24T19:17:03+00:00","breadcrumb":{"@id":"https:\/\/www.fanprojekt-muenster.de\/wordpress\/galerien\/demonstration-haende-weg-vom-fussball-gegen-gaesteverbote-und-repressionen\/#breadcrumb"},"inLanguage":"de","potentialAction":[{"@type":"ReadAction","target":["https:\/\/www.fanprojekt-muenster.de\/wordpress\/galerien\/demonstration-haende-weg-vom-fussball-gegen-gaesteverbote-und-repressionen\/"]}]},{"@type":"BreadcrumbList","@id":"https:\/\/www.fanprojekt-muenster.de\/wordpress\/galerien\/demonstration-haende-weg-vom-fussball-gegen-gaesteverbote-und-repressionen\/#breadcrumb","itemListElement":[{"@type":"ListItem","position":1,"name":"Startseite","item":"https:\/\/www.fanprojekt-muenster.de\/wordpress\/"},{"@type":"ListItem","position":2,"name":"Galerien","item":"https:\/\/www.fanprojekt-muenster.de\/wordpress\/galerien\/"},{"@type":"ListItem","position":3,"name":"Demonstration: H\u00e4nde weg vom Fu\u00dfball! Gegen G\u00e4steverbote und Repressionen!"}]},{"@type":"WebSite","@id":"https:\/\/www.fanprojekt-muenster.de\/wordpress\/#website","url":"https:\/\/www.fanprojekt-muenster.de\/wordpress\/","name":"Fangemeinschaft Preu\u00dfen M\u00fcnster e. V.","description":"","publisher":{"@id":"https:\/\/www.fanprojekt-muenster.de\/wordpress\/#organization"},"potentialAction":[{"@type":"SearchAction","target":{"@type":"EntryPoint","urlTemplate":"https:\/\/www.fanprojekt-muenster.de\/wordpress\/?s={search_term_string}"},"query-input":{"@type":"PropertyValueSpecification","valueRequired":true,"valueName":"search_term_string"}}],"inLanguage":"de"},{"@type":"Organization","@id":"https:\/\/www.fanprojekt-muenster.de\/wordpress\/#organization","name":"Fangemeinschaft Preu\u00dfen M\u00fcnster e. V.","url":"https:\/\/www.fanprojekt-muenster.de\/wordpress\/","logo":{"@type":"ImageObject","inLanguage":"de","@id":"https:\/\/www.fanprojekt-muenster.de\/wordpress\/#\/schema\/logo\/image\/","url":"https:\/\/www.fanprojekt-muenster.de\/wordpress\/wp-content\/uploads\/2019\/07\/cropped-Website_Logo3-9.png","contentUrl":"https:\/\/www.fanprojekt-muenster.de\/wordpress\/wp-content\/uploads\/2019\/07\/cropped-Website_Logo3-9.png","width":224,"height":42,"caption":"Fangemeinschaft Preu\u00dfen M\u00fcnster e. V."},"image":{"@id":"https:\/\/www.fanprojekt-muenster.de\/wordpress\/#\/schema\/logo\/image\/"}}]}},"coauthors":[],"author_meta":{"author_link":"https:\/\/www.fanprojekt-muenster.de\/wordpress\/author\/fp_superadmin\/","display_name":"fp_superadmin"},"relative_dates":{"created":"Posted 11\u00a0Jahren ago","modified":"Updated 11\u00a0Jahren ago"},"absolute_dates":{"created":"Posted on 24. September 2015","modified":"Updated on 24. September 2015"},"absolute_dates_time":{"created":"Posted on 24. September 2015 21:17","modified":"Updated on 24. September 2015 21:17"},"featured_img_caption":"","featured_img":false,"series_order":"","_links":{"self":[{"href":"https:\/\/www.fanprojekt-muenster.de\/wordpress\/wp-json\/wp\/v2\/pages\/5037","targetHints":{"allow":["GET"]}}],"collection":[{"href":"https:\/\/www.fanprojekt-muenster.de\/wordpress\/wp-json\/wp\/v2\/pages"}],"about":[{"href":"https:\/\/www.fanprojekt-muenster.de\/wordpress\/wp-json\/wp\/v2\/types\/page"}],"author":[{"embeddable":true,"href":"https:\/\/www.fanprojekt-muenster.de\/wordpress\/wp-json\/wp\/v2\/users\/2"}],"replies":[{"embeddable":true,"href":"https:\/\/www.fanprojekt-muenster.de\/wordpress\/wp-json\/wp\/v2\/comments?post=5037"}],"version-history":[{"count":0,"href":"https:\/\/www.fanprojekt-muenster.de\/wordpress\/wp-json\/wp\/v2\/pages\/5037\/revisions"}],"up":[{"embeddable":true,"href":"https:\/\/www.fanprojekt-muenster.de\/wordpress\/wp-json\/wp\/v2\/pages\/3865"}],"wp:attachment":[{"href":"https:\/\/www.fanprojekt-muenster.de\/wordpress\/wp-json\/wp\/v2\/media?parent=5037"}],"curies":[{"name":"wp","href":"https:\/\/api.w.org\/{rel}","templated":true}]}}

Demonstration: Hände weg vom Fußball! Gegen Gästeverbote und Repressionen!

<p>Datum: 23.09.2015<br />
Teilnehmer: 350-450<br />
Ort: Osnabrück HBF</p>
<p>Ihr habt weitere Bilder für unsere Galerie? Dann schickt uns diese gerne an <a href="mailto:joerg@fanprojekt-muenster.de">joerg@fanprojekt-muenster.de</a> !</p>

<p>Datum: 23.09.2015 Teilnehmer: 350-450 Ort: Osnabrück HBF Ihr habt weitere Bilder für unsere Galerie? Dann schickt uns diese gerne an joerg@fanprojekt-muenster.de !</p>

<!-- This site is optimized with the Yoast SEO plugin v27.2 - https://yoast.com/product/yoast-seo-wordpress/ -->
<title>Demonstration: Hände weg vom Fußball! Gegen Gästeverbote und Repressionen! - Fangemeinschaft Preußen Münster e. V.</title>
<meta name="robots" content="index, follow, max-snippet:-1, max-image-preview:large, max-video-preview:-1" />
<link rel="canonical" href="https://www.fanprojekt-muenster.de/wordpress/galerien/demonstration-haende-weg-vom-fussball-gegen-gaesteverbote-und-repressionen/" />
<meta property="og:locale" content="de_DE" />
<meta property="og:type" content="article" />
<meta property="og:title" content="Demonstration: Hände weg vom Fußball! Gegen Gästeverbote und Repressionen! - Fangemeinschaft Preußen Münster e. V." />
<meta property="og:description" content="Datum: 23.09.2015 Teilnehmer: 350-450 Ort: Osnabrück HBF Ihr habt weitere Bilder für unsere Galerie? Dann schickt uns diese gerne an joerg@fanprojekt-muenster.de !" />
<meta property="og:url" content="https://www.fanprojekt-muenster.de/wordpress/galerien/demonstration-haende-weg-vom-fussball-gegen-gaesteverbote-und-repressionen/" />
<meta property="og:site_name" content="Fangemeinschaft Preußen Münster e. V." />
<meta name="twitter:card" content="summary_large_image" />
<script type="application/ld+json" class="yoast-schema-graph">{"@context":"https://schema.org","@graph":[{"@type":"WebPage","@id":"https://www.fanprojekt-muenster.de/wordpress/galerien/demonstration-haende-weg-vom-fussball-gegen-gaesteverbote-und-repressionen/","url":"https://www.fanprojekt-muenster.de/wordpress/galerien/demonstration-haende-weg-vom-fussball-gegen-gaesteverbote-und-repressionen/","name":"Demonstration: Hände weg vom Fußball! Gegen Gästeverbote und Repressionen! - Fangemeinschaft Preußen Münster e. V.","isPartOf":{"@id":"https://www.fanprojekt-muenster.de/wordpress/#website"},"datePublished":"2015-09-24T19:17:03+00:00","breadcrumb":{"@id":"https://www.fanprojekt-muenster.de/wordpress/galerien/demonstration-haende-weg-vom-fussball-gegen-gaesteverbote-und-repressionen/#breadcrumb"},"inLanguage":"de","potentialAction":[{"@type":"ReadAction","target":["https://www.fanprojekt-muenster.de/wordpress/galerien/demonstration-haende-weg-vom-fussball-gegen-gaesteverbote-und-repressionen/"]}]},{"@type":"BreadcrumbList","@id":"https://www.fanprojekt-muenster.de/wordpress/galerien/demonstration-haende-weg-vom-fussball-gegen-gaesteverbote-und-repressionen/#breadcrumb","itemListElement":[{"@type":"ListItem","position":1,"name":"Startseite","item":"https://www.fanprojekt-muenster.de/wordpress/"},{"@type":"ListItem","position":2,"name":"Galerien","item":"https://www.fanprojekt-muenster.de/wordpress/galerien/"},{"@type":"ListItem","position":3,"name":"Demonstration: Hände weg vom Fußball! Gegen Gästeverbote und Repressionen!"}]},{"@type":"WebSite","@id":"https://www.fanprojekt-muenster.de/wordpress/#website","url":"https://www.fanprojekt-muenster.de/wordpress/","name":"Fangemeinschaft Preußen Münster e. V.","description":"","publisher":{"@id":"https://www.fanprojekt-muenster.de/wordpress/#organization"},"potentialAction":[{"@type":"SearchAction","target":{"@type":"EntryPoint","urlTemplate":"https://www.fanprojekt-muenster.de/wordpress/?s={search_term_string}"},"query-input":{"@type":"PropertyValueSpecification","valueRequired":true,"valueName":"search_term_string"}}],"inLanguage":"de"},{"@type":"Organization","@id":"https://www.fanprojekt-muenster.de/wordpress/#organization","name":"Fangemeinschaft Preußen Münster e. V.","url":"https://www.fanprojekt-muenster.de/wordpress/","logo":{"@type":"ImageObject","inLanguage":"de","@id":"https://www.fanprojekt-muenster.de/wordpress/#/schema/logo/image/","url":"https://www.fanprojekt-muenster.de/wordpress/wp-content/uploads/2019/07/cropped-Website_Logo3-9.png","contentUrl":"https://www.fanprojekt-muenster.de/wordpress/wp-content/uploads/2019/07/cropped-Website_Logo3-9.png","width":224,"height":42,"caption":"Fangemeinschaft Preußen Münster e. V."},"image":{"@id":"https://www.fanprojekt-muenster.de/wordpress/#/schema/logo/image/"}}]}</script>
<!-- / Yoast SEO plugin. -->

Demonstration: Hände weg vom Fußball! Gegen Gästeverbote und Repressionen! - Fangemeinschaft Preußen Münster e. V.

Datum: 23.09.2015 Teilnehmer: 350-450 Ort: Osnabrück HBF Ihr habt weitere Bilder für unsere Galerie? Dann schickt uns diese gerne an joerg@fanprojekt-muenster.de !

Fangemeinschaft Preußen Münster e. V.
