{"id":4741,"date":"2015-07-21T17:50:17","date_gmt":"2015-07-21T15:50:17","guid":{"rendered":"http:\/\/www.fanprojekt-muenster.de\/wp\/?page_id=4741"},"modified":"2015-07-21T17:50:17","modified_gmt":"2015-07-21T15:50:17","slug":"saisoneroeffnung-2015-teil-3","status":"publish","type":"page","link":"https:\/\/www.fanprojekt-muenster.de\/wordpress\/galerien\/saisoneroeffnung-2015-teil-3\/","title":{"rendered":"Saisoner\u00f6ffnung (2015) &#8211; Teil 3"},"content":{"rendered":"<p>Datum: 18.07.2015<br \/>\nOrt: Preu\u00dfenstadion<\/p>\n<p>Ihr habt weitere Bilder f\u00fcr unsere Galerie? Dann schickt uns diese gerne an <a href=\"mailto:joerg@fanprojekt-muenster.de\">joerg@fanprojekt-muenster.de<\/a><\/p>\n<h4><strong>Alle Bilder:<\/strong><\/h4>\n<ul>\n<li><a href=\"http:\/\/www.fanprojekt-muenster.de\/wp\/galerien\/saisoneroeffnung-2015\/\">Teil 1<\/a><\/li>\n<li><a href=\"http:\/\/www.fanprojekt-muenster.de\/wp\/galerien\/saisoneroeffnung-2015-teil-2\/\">Teil 2<\/a><\/li>\n<li>Teil 3<\/li>\n<li><a href=\"http:\/\/www.fanprojekt-muenster.de\/wp\/galerien\/saisoneroeffnung-2015-teil-4\/\">Teil 4<\/a><\/li>\n<li><a href=\"http:\/\/www.fanprojekt-muenster.de\/wp\/galerien\/saisoneroeffnung-2015-teil-5\/\">Teil 5<\/a><\/li>\n<\/ul>\n","protected":false},"excerpt":{"rendered":"<p>Datum: 18.07.2015 Ort: Preu\u00dfenstadion Ihr habt weitere Bilder f\u00fcr unsere Galerie? Dann schickt uns diese gerne an joerg@fanprojekt-muenster.de Alle Bilder: Teil 1 Teil 2 Teil 3 Teil 4 Teil 5<\/p>\n","protected":false},"author":2,"featured_media":4658,"parent":3865,"menu_order":0,"comment_status":"closed","ping_status":"closed","template":"","meta":{"advgb_blocks_editor_width":"","advgb_blocks_columns_visual_guide":"","footnotes":""},"class_list":["post-4741","page","type-page","status-publish","has-post-thumbnail","hentry"],"featured_image_src":null,"yoast_head":"<!-- This site is optimized with the Yoast SEO plugin v27.2 - https:\/\/yoast.com\/product\/yoast-seo-wordpress\/ -->\n<title>Saisoner\u00f6ffnung (2015) - Teil 3 - Fangemeinschaft Preu\u00dfen M\u00fcnster e. V.<\/title>\n<meta name=\"robots\" content=\"index, follow, max-snippet:-1, max-image-preview:large, max-video-preview:-1\" \/>\n<link rel=\"canonical\" href=\"https:\/\/www.fanprojekt-muenster.de\/wordpress\/galerien\/saisoneroeffnung-2015-teil-3\/\" \/>\n<meta property=\"og:locale\" content=\"de_DE\" \/>\n<meta property=\"og:type\" content=\"article\" \/>\n<meta property=\"og:title\" content=\"Saisoner\u00f6ffnung (2015) - Teil 3 - Fangemeinschaft Preu\u00dfen M\u00fcnster e. V.\" \/>\n<meta property=\"og:description\" content=\"Datum: 18.07.2015 Ort: Preu\u00dfenstadion Ihr habt weitere Bilder f\u00fcr unsere Galerie? Dann schickt uns diese gerne an joerg@fanprojekt-muenster.de Alle Bilder: Teil 1 Teil 2 Teil 3 Teil 4 Teil 5\" \/>\n<meta property=\"og:url\" content=\"https:\/\/www.fanprojekt-muenster.de\/wordpress\/galerien\/saisoneroeffnung-2015-teil-3\/\" \/>\n<meta property=\"og:site_name\" content=\"Fangemeinschaft Preu\u00dfen M\u00fcnster e. V.\" \/>\n<meta name=\"twitter:card\" content=\"summary_large_image\" \/>\n<script type=\"application\/ld+json\" class=\"yoast-schema-graph\">{\"@context\":\"https:\/\/schema.org\",\"@graph\":[{\"@type\":\"WebPage\",\"@id\":\"https:\/\/www.fanprojekt-muenster.de\/wordpress\/galerien\/saisoneroeffnung-2015-teil-3\/\",\"url\":\"https:\/\/www.fanprojekt-muenster.de\/wordpress\/galerien\/saisoneroeffnung-2015-teil-3\/\",\"name\":\"Saisoner\u00f6ffnung (2015) - Teil 3 - Fangemeinschaft Preu\u00dfen M\u00fcnster e. V.\",\"isPartOf\":{\"@id\":\"https:\/\/www.fanprojekt-muenster.de\/wordpress\/#website\"},\"primaryImageOfPage\":{\"@id\":\"https:\/\/www.fanprojekt-muenster.de\/wordpress\/galerien\/saisoneroeffnung-2015-teil-3\/#primaryimage\"},\"image\":{\"@id\":\"https:\/\/www.fanprojekt-muenster.de\/wordpress\/galerien\/saisoneroeffnung-2015-teil-3\/#primaryimage\"},\"thumbnailUrl\":\"\",\"datePublished\":\"2015-07-21T15:50:17+00:00\",\"breadcrumb\":{\"@id\":\"https:\/\/www.fanprojekt-muenster.de\/wordpress\/galerien\/saisoneroeffnung-2015-teil-3\/#breadcrumb\"},\"inLanguage\":\"de\",\"potentialAction\":[{\"@type\":\"ReadAction\",\"target\":[\"https:\/\/www.fanprojekt-muenster.de\/wordpress\/galerien\/saisoneroeffnung-2015-teil-3\/\"]}]},{\"@type\":\"ImageObject\",\"inLanguage\":\"de\",\"@id\":\"https:\/\/www.fanprojekt-muenster.de\/wordpress\/galerien\/saisoneroeffnung-2015-teil-3\/#primaryimage\",\"url\":\"\",\"contentUrl\":\"\"},{\"@type\":\"BreadcrumbList\",\"@id\":\"https:\/\/www.fanprojekt-muenster.de\/wordpress\/galerien\/saisoneroeffnung-2015-teil-3\/#breadcrumb\",\"itemListElement\":[{\"@type\":\"ListItem\",\"position\":1,\"name\":\"Startseite\",\"item\":\"https:\/\/www.fanprojekt-muenster.de\/wordpress\/\"},{\"@type\":\"ListItem\",\"position\":2,\"name\":\"Galerien\",\"item\":\"https:\/\/www.fanprojekt-muenster.de\/wordpress\/galerien\/\"},{\"@type\":\"ListItem\",\"position\":3,\"name\":\"Saisoner\u00f6ffnung (2015) &#8211; Teil 3\"}]},{\"@type\":\"WebSite\",\"@id\":\"https:\/\/www.fanprojekt-muenster.de\/wordpress\/#website\",\"url\":\"https:\/\/www.fanprojekt-muenster.de\/wordpress\/\",\"name\":\"Fangemeinschaft Preu\u00dfen M\u00fcnster e. V.\",\"description\":\"\",\"publisher\":{\"@id\":\"https:\/\/www.fanprojekt-muenster.de\/wordpress\/#organization\"},\"potentialAction\":[{\"@type\":\"SearchAction\",\"target\":{\"@type\":\"EntryPoint\",\"urlTemplate\":\"https:\/\/www.fanprojekt-muenster.de\/wordpress\/?s={search_term_string}\"},\"query-input\":{\"@type\":\"PropertyValueSpecification\",\"valueRequired\":true,\"valueName\":\"search_term_string\"}}],\"inLanguage\":\"de\"},{\"@type\":\"Organization\",\"@id\":\"https:\/\/www.fanprojekt-muenster.de\/wordpress\/#organization\",\"name\":\"Fangemeinschaft Preu\u00dfen M\u00fcnster e. V.\",\"url\":\"https:\/\/www.fanprojekt-muenster.de\/wordpress\/\",\"logo\":{\"@type\":\"ImageObject\",\"inLanguage\":\"de\",\"@id\":\"https:\/\/www.fanprojekt-muenster.de\/wordpress\/#\/schema\/logo\/image\/\",\"url\":\"https:\/\/www.fanprojekt-muenster.de\/wordpress\/wp-content\/uploads\/2019\/07\/cropped-Website_Logo3-9.png\",\"contentUrl\":\"https:\/\/www.fanprojekt-muenster.de\/wordpress\/wp-content\/uploads\/2019\/07\/cropped-Website_Logo3-9.png\",\"width\":224,\"height\":42,\"caption\":\"Fangemeinschaft Preu\u00dfen M\u00fcnster e. V.\"},\"image\":{\"@id\":\"https:\/\/www.fanprojekt-muenster.de\/wordpress\/#\/schema\/logo\/image\/\"}}]}<\/script>\n<!-- \/ Yoast SEO plugin. -->","yoast_head_json":{"title":"Saisoner\u00f6ffnung (2015) - Teil 3 - Fangemeinschaft Preu\u00dfen M\u00fcnster e. V.","robots":{"index":"index","follow":"follow","max-snippet":"max-snippet:-1","max-image-preview":"max-image-preview:large","max-video-preview":"max-video-preview:-1"},"canonical":"https:\/\/www.fanprojekt-muenster.de\/wordpress\/galerien\/saisoneroeffnung-2015-teil-3\/","og_locale":"de_DE","og_type":"article","og_title":"Saisoner\u00f6ffnung (2015) - Teil 3 - Fangemeinschaft Preu\u00dfen M\u00fcnster e. V.","og_description":"Datum: 18.07.2015 Ort: Preu\u00dfenstadion Ihr habt weitere Bilder f\u00fcr unsere Galerie? Dann schickt uns diese gerne an joerg@fanprojekt-muenster.de Alle Bilder: Teil 1 Teil 2 Teil 3 Teil 4 Teil 5","og_url":"https:\/\/www.fanprojekt-muenster.de\/wordpress\/galerien\/saisoneroeffnung-2015-teil-3\/","og_site_name":"Fangemeinschaft Preu\u00dfen M\u00fcnster e. V.","twitter_card":"summary_large_image","schema":{"@context":"https:\/\/schema.org","@graph":[{"@type":"WebPage","@id":"https:\/\/www.fanprojekt-muenster.de\/wordpress\/galerien\/saisoneroeffnung-2015-teil-3\/","url":"https:\/\/www.fanprojekt-muenster.de\/wordpress\/galerien\/saisoneroeffnung-2015-teil-3\/","name":"Saisoner\u00f6ffnung (2015) - Teil 3 - Fangemeinschaft Preu\u00dfen M\u00fcnster e. V.","isPartOf":{"@id":"https:\/\/www.fanprojekt-muenster.de\/wordpress\/#website"},"primaryImageOfPage":{"@id":"https:\/\/www.fanprojekt-muenster.de\/wordpress\/galerien\/saisoneroeffnung-2015-teil-3\/#primaryimage"},"image":{"@id":"https:\/\/www.fanprojekt-muenster.de\/wordpress\/galerien\/saisoneroeffnung-2015-teil-3\/#primaryimage"},"thumbnailUrl":"","datePublished":"2015-07-21T15:50:17+00:00","breadcrumb":{"@id":"https:\/\/www.fanprojekt-muenster.de\/wordpress\/galerien\/saisoneroeffnung-2015-teil-3\/#breadcrumb"},"inLanguage":"de","potentialAction":[{"@type":"ReadAction","target":["https:\/\/www.fanprojekt-muenster.de\/wordpress\/galerien\/saisoneroeffnung-2015-teil-3\/"]}]},{"@type":"ImageObject","inLanguage":"de","@id":"https:\/\/www.fanprojekt-muenster.de\/wordpress\/galerien\/saisoneroeffnung-2015-teil-3\/#primaryimage","url":"","contentUrl":""},{"@type":"BreadcrumbList","@id":"https:\/\/www.fanprojekt-muenster.de\/wordpress\/galerien\/saisoneroeffnung-2015-teil-3\/#breadcrumb","itemListElement":[{"@type":"ListItem","position":1,"name":"Startseite","item":"https:\/\/www.fanprojekt-muenster.de\/wordpress\/"},{"@type":"ListItem","position":2,"name":"Galerien","item":"https:\/\/www.fanprojekt-muenster.de\/wordpress\/galerien\/"},{"@type":"ListItem","position":3,"name":"Saisoner\u00f6ffnung (2015) &#8211; Teil 3"}]},{"@type":"WebSite","@id":"https:\/\/www.fanprojekt-muenster.de\/wordpress\/#website","url":"https:\/\/www.fanprojekt-muenster.de\/wordpress\/","name":"Fangemeinschaft Preu\u00dfen M\u00fcnster e. V.","description":"","publisher":{"@id":"https:\/\/www.fanprojekt-muenster.de\/wordpress\/#organization"},"potentialAction":[{"@type":"SearchAction","target":{"@type":"EntryPoint","urlTemplate":"https:\/\/www.fanprojekt-muenster.de\/wordpress\/?s={search_term_string}"},"query-input":{"@type":"PropertyValueSpecification","valueRequired":true,"valueName":"search_term_string"}}],"inLanguage":"de"},{"@type":"Organization","@id":"https:\/\/www.fanprojekt-muenster.de\/wordpress\/#organization","name":"Fangemeinschaft Preu\u00dfen M\u00fcnster e. V.","url":"https:\/\/www.fanprojekt-muenster.de\/wordpress\/","logo":{"@type":"ImageObject","inLanguage":"de","@id":"https:\/\/www.fanprojekt-muenster.de\/wordpress\/#\/schema\/logo\/image\/","url":"https:\/\/www.fanprojekt-muenster.de\/wordpress\/wp-content\/uploads\/2019\/07\/cropped-Website_Logo3-9.png","contentUrl":"https:\/\/www.fanprojekt-muenster.de\/wordpress\/wp-content\/uploads\/2019\/07\/cropped-Website_Logo3-9.png","width":224,"height":42,"caption":"Fangemeinschaft Preu\u00dfen M\u00fcnster e. V."},"image":{"@id":"https:\/\/www.fanprojekt-muenster.de\/wordpress\/#\/schema\/logo\/image\/"}}]}},"coauthors":[],"author_meta":{"author_link":"https:\/\/www.fanprojekt-muenster.de\/wordpress\/author\/fp_superadmin\/","display_name":"fp_superadmin"},"relative_dates":{"created":"Posted 11\u00a0Jahren ago","modified":"Updated 11\u00a0Jahren ago"},"absolute_dates":{"created":"Posted on 21. Juli 2015","modified":"Updated on 21. Juli 2015"},"absolute_dates_time":{"created":"Posted on 21. Juli 2015 17:50","modified":"Updated on 21. Juli 2015 17:50"},"featured_img_caption":"","featured_img":false,"series_order":"","_links":{"self":[{"href":"https:\/\/www.fanprojekt-muenster.de\/wordpress\/wp-json\/wp\/v2\/pages\/4741","targetHints":{"allow":["GET"]}}],"collection":[{"href":"https:\/\/www.fanprojekt-muenster.de\/wordpress\/wp-json\/wp\/v2\/pages"}],"about":[{"href":"https:\/\/www.fanprojekt-muenster.de\/wordpress\/wp-json\/wp\/v2\/types\/page"}],"author":[{"embeddable":true,"href":"https:\/\/www.fanprojekt-muenster.de\/wordpress\/wp-json\/wp\/v2\/users\/2"}],"replies":[{"embeddable":true,"href":"https:\/\/www.fanprojekt-muenster.de\/wordpress\/wp-json\/wp\/v2\/comments?post=4741"}],"version-history":[{"count":0,"href":"https:\/\/www.fanprojekt-muenster.de\/wordpress\/wp-json\/wp\/v2\/pages\/4741\/revisions"}],"up":[{"embeddable":true,"href":"https:\/\/www.fanprojekt-muenster.de\/wordpress\/wp-json\/wp\/v2\/pages\/3865"}],"wp:featuredmedia":[{"embeddable":true,"href":"https:\/\/www.fanprojekt-muenster.de\/wordpress\/wp-json\/"}],"wp:attachment":[{"href":"https:\/\/www.fanprojekt-muenster.de\/wordpress\/wp-json\/wp\/v2\/media?parent=4741"}],"curies":[{"name":"wp","href":"https:\/\/api.w.org\/{rel}","templated":true}]}}

Saisoneröffnung (2015) &#8211; Teil 3

<p>Datum: 18.07.2015<br />
Ort: Preußenstadion</p>
<p>Ihr habt weitere Bilder für unsere Galerie? Dann schickt uns diese gerne an <a href="mailto:joerg@fanprojekt-muenster.de">joerg@fanprojekt-muenster.de</a></p>
<h4><strong>Alle Bilder:</strong></h4>
<ul>
<li><a href="http://www.fanprojekt-muenster.de/wp/galerien/saisoneroeffnung-2015/">Teil 1</a></li>
<li><a href="http://www.fanprojekt-muenster.de/wp/galerien/saisoneroeffnung-2015-teil-2/">Teil 2</a></li>
<li>Teil 3</li>
<li><a href="http://www.fanprojekt-muenster.de/wp/galerien/saisoneroeffnung-2015-teil-4/">Teil 4</a></li>
<li><a href="http://www.fanprojekt-muenster.de/wp/galerien/saisoneroeffnung-2015-teil-5/">Teil 5</a></li>
</ul>

<p>Datum: 18.07.2015 Ort: Preußenstadion Ihr habt weitere Bilder für unsere Galerie? Dann schickt uns diese gerne an joerg@fanprojekt-muenster.de Alle Bilder: Teil 1 Teil 2 Teil 3 Teil 4 Teil 5</p>

<!-- This site is optimized with the Yoast SEO plugin v27.2 - https://yoast.com/product/yoast-seo-wordpress/ -->
<title>Saisoneröffnung (2015) - Teil 3 - Fangemeinschaft Preußen Münster e. V.</title>
<meta name="robots" content="index, follow, max-snippet:-1, max-image-preview:large, max-video-preview:-1" />
<link rel="canonical" href="https://www.fanprojekt-muenster.de/wordpress/galerien/saisoneroeffnung-2015-teil-3/" />
<meta property="og:locale" content="de_DE" />
<meta property="og:type" content="article" />
<meta property="og:title" content="Saisoneröffnung (2015) - Teil 3 - Fangemeinschaft Preußen Münster e. V." />
<meta property="og:description" content="Datum: 18.07.2015 Ort: Preußenstadion Ihr habt weitere Bilder für unsere Galerie? Dann schickt uns diese gerne an joerg@fanprojekt-muenster.de Alle Bilder: Teil 1 Teil 2 Teil 3 Teil 4 Teil 5" />
<meta property="og:url" content="https://www.fanprojekt-muenster.de/wordpress/galerien/saisoneroeffnung-2015-teil-3/" />
<meta property="og:site_name" content="Fangemeinschaft Preußen Münster e. V." />
<meta name="twitter:card" content="summary_large_image" />
<script type="application/ld+json" class="yoast-schema-graph">{"@context":"https://schema.org","@graph":[{"@type":"WebPage","@id":"https://www.fanprojekt-muenster.de/wordpress/galerien/saisoneroeffnung-2015-teil-3/","url":"https://www.fanprojekt-muenster.de/wordpress/galerien/saisoneroeffnung-2015-teil-3/","name":"Saisoneröffnung (2015) - Teil 3 - Fangemeinschaft Preußen Münster e. V.","isPartOf":{"@id":"https://www.fanprojekt-muenster.de/wordpress/#website"},"primaryImageOfPage":{"@id":"https://www.fanprojekt-muenster.de/wordpress/galerien/saisoneroeffnung-2015-teil-3/#primaryimage"},"image":{"@id":"https://www.fanprojekt-muenster.de/wordpress/galerien/saisoneroeffnung-2015-teil-3/#primaryimage"},"thumbnailUrl":"","datePublished":"2015-07-21T15:50:17+00:00","breadcrumb":{"@id":"https://www.fanprojekt-muenster.de/wordpress/galerien/saisoneroeffnung-2015-teil-3/#breadcrumb"},"inLanguage":"de","potentialAction":[{"@type":"ReadAction","target":["https://www.fanprojekt-muenster.de/wordpress/galerien/saisoneroeffnung-2015-teil-3/"]}]},{"@type":"ImageObject","inLanguage":"de","@id":"https://www.fanprojekt-muenster.de/wordpress/galerien/saisoneroeffnung-2015-teil-3/#primaryimage","url":"","contentUrl":""},{"@type":"BreadcrumbList","@id":"https://www.fanprojekt-muenster.de/wordpress/galerien/saisoneroeffnung-2015-teil-3/#breadcrumb","itemListElement":[{"@type":"ListItem","position":1,"name":"Startseite","item":"https://www.fanprojekt-muenster.de/wordpress/"},{"@type":"ListItem","position":2,"name":"Galerien","item":"https://www.fanprojekt-muenster.de/wordpress/galerien/"},{"@type":"ListItem","position":3,"name":"Saisoneröffnung (2015) &#8211; Teil 3"}]},{"@type":"WebSite","@id":"https://www.fanprojekt-muenster.de/wordpress/#website","url":"https://www.fanprojekt-muenster.de/wordpress/","name":"Fangemeinschaft Preußen Münster e. V.","description":"","publisher":{"@id":"https://www.fanprojekt-muenster.de/wordpress/#organization"},"potentialAction":[{"@type":"SearchAction","target":{"@type":"EntryPoint","urlTemplate":"https://www.fanprojekt-muenster.de/wordpress/?s={search_term_string}"},"query-input":{"@type":"PropertyValueSpecification","valueRequired":true,"valueName":"search_term_string"}}],"inLanguage":"de"},{"@type":"Organization","@id":"https://www.fanprojekt-muenster.de/wordpress/#organization","name":"Fangemeinschaft Preußen Münster e. V.","url":"https://www.fanprojekt-muenster.de/wordpress/","logo":{"@type":"ImageObject","inLanguage":"de","@id":"https://www.fanprojekt-muenster.de/wordpress/#/schema/logo/image/","url":"https://www.fanprojekt-muenster.de/wordpress/wp-content/uploads/2019/07/cropped-Website_Logo3-9.png","contentUrl":"https://www.fanprojekt-muenster.de/wordpress/wp-content/uploads/2019/07/cropped-Website_Logo3-9.png","width":224,"height":42,"caption":"Fangemeinschaft Preußen Münster e. V."},"image":{"@id":"https://www.fanprojekt-muenster.de/wordpress/#/schema/logo/image/"}}]}</script>
<!-- / Yoast SEO plugin. -->

Saisoneröffnung (2015) - Teil 3 - Fangemeinschaft Preußen Münster e. V.

Datum: 18.07.2015 Ort: Preußenstadion Ihr habt weitere Bilder für unsere Galerie? Dann schickt uns diese gerne an joerg@fanprojekt-muenster.de Alle Bilder: Teil 1 Teil 2 Teil 3 Teil 4 Teil 5

Fangemeinschaft Preußen Münster e. V.
