{"id":3859,"date":"2015-01-16T16:02:17","date_gmt":"2015-01-16T14:02:17","guid":{"rendered":"http:\/\/www.fanprojekt-muenster.de\/wp\/?page_id=3859"},"modified":"2015-01-16T16:02:17","modified_gmt":"2015-01-16T14:02:17","slug":"neujahrsempfang-2015","status":"publish","type":"page","link":"https:\/\/www.fanprojekt-muenster.de\/wordpress\/galerien\/neujahrsempfang-2015\/","title":{"rendered":"Neujahrsempfang 2015"},"content":{"rendered":"<p>Datum: 10.01.2015<br \/>\nTeilnehmer: 200<br \/>\nOrt: VIP-Raum Trib\u00fcne<\/p>\n","protected":false},"excerpt":{"rendered":"<p>Datum: 10.01.2015 Teilnehmer: 200 Ort: VIP-Raum Trib\u00fcne<\/p>\n","protected":false},"author":2,"featured_media":0,"parent":3865,"menu_order":0,"comment_status":"closed","ping_status":"closed","template":"","meta":{"advgb_blocks_editor_width":"","advgb_blocks_columns_visual_guide":"","footnotes":""},"class_list":["post-3859","page","type-page","status-publish","hentry"],"featured_image_src":null,"yoast_head":"<!-- This site is optimized with the Yoast SEO plugin v27.2 - https:\/\/yoast.com\/product\/yoast-seo-wordpress\/ -->\n<title>Neujahrsempfang 2015 - Fangemeinschaft Preu\u00dfen M\u00fcnster e. V.<\/title>\n<meta name=\"robots\" content=\"index, follow, max-snippet:-1, max-image-preview:large, max-video-preview:-1\" \/>\n<link rel=\"canonical\" href=\"https:\/\/www.fanprojekt-muenster.de\/wordpress\/galerien\/neujahrsempfang-2015\/\" \/>\n<meta property=\"og:locale\" content=\"de_DE\" \/>\n<meta property=\"og:type\" content=\"article\" \/>\n<meta property=\"og:title\" content=\"Neujahrsempfang 2015 - Fangemeinschaft Preu\u00dfen M\u00fcnster e. V.\" \/>\n<meta property=\"og:description\" content=\"Datum: 10.01.2015 Teilnehmer: 200 Ort: VIP-Raum Trib\u00fcne\" \/>\n<meta property=\"og:url\" content=\"https:\/\/www.fanprojekt-muenster.de\/wordpress\/galerien\/neujahrsempfang-2015\/\" \/>\n<meta property=\"og:site_name\" content=\"Fangemeinschaft Preu\u00dfen M\u00fcnster e. V.\" \/>\n<meta name=\"twitter:card\" content=\"summary_large_image\" \/>\n<script type=\"application\/ld+json\" class=\"yoast-schema-graph\">{\"@context\":\"https:\/\/schema.org\",\"@graph\":[{\"@type\":\"WebPage\",\"@id\":\"https:\/\/www.fanprojekt-muenster.de\/wordpress\/galerien\/neujahrsempfang-2015\/\",\"url\":\"https:\/\/www.fanprojekt-muenster.de\/wordpress\/galerien\/neujahrsempfang-2015\/\",\"name\":\"Neujahrsempfang 2015 - Fangemeinschaft Preu\u00dfen M\u00fcnster e. V.\",\"isPartOf\":{\"@id\":\"https:\/\/www.fanprojekt-muenster.de\/wordpress\/#website\"},\"datePublished\":\"2015-01-16T14:02:17+00:00\",\"breadcrumb\":{\"@id\":\"https:\/\/www.fanprojekt-muenster.de\/wordpress\/galerien\/neujahrsempfang-2015\/#breadcrumb\"},\"inLanguage\":\"de\",\"potentialAction\":[{\"@type\":\"ReadAction\",\"target\":[\"https:\/\/www.fanprojekt-muenster.de\/wordpress\/galerien\/neujahrsempfang-2015\/\"]}]},{\"@type\":\"BreadcrumbList\",\"@id\":\"https:\/\/www.fanprojekt-muenster.de\/wordpress\/galerien\/neujahrsempfang-2015\/#breadcrumb\",\"itemListElement\":[{\"@type\":\"ListItem\",\"position\":1,\"name\":\"Startseite\",\"item\":\"https:\/\/www.fanprojekt-muenster.de\/wordpress\/\"},{\"@type\":\"ListItem\",\"position\":2,\"name\":\"Galerien\",\"item\":\"https:\/\/www.fanprojekt-muenster.de\/wordpress\/galerien\/\"},{\"@type\":\"ListItem\",\"position\":3,\"name\":\"Neujahrsempfang 2015\"}]},{\"@type\":\"WebSite\",\"@id\":\"https:\/\/www.fanprojekt-muenster.de\/wordpress\/#website\",\"url\":\"https:\/\/www.fanprojekt-muenster.de\/wordpress\/\",\"name\":\"Fangemeinschaft Preu\u00dfen M\u00fcnster e. V.\",\"description\":\"\",\"publisher\":{\"@id\":\"https:\/\/www.fanprojekt-muenster.de\/wordpress\/#organization\"},\"potentialAction\":[{\"@type\":\"SearchAction\",\"target\":{\"@type\":\"EntryPoint\",\"urlTemplate\":\"https:\/\/www.fanprojekt-muenster.de\/wordpress\/?s={search_term_string}\"},\"query-input\":{\"@type\":\"PropertyValueSpecification\",\"valueRequired\":true,\"valueName\":\"search_term_string\"}}],\"inLanguage\":\"de\"},{\"@type\":\"Organization\",\"@id\":\"https:\/\/www.fanprojekt-muenster.de\/wordpress\/#organization\",\"name\":\"Fangemeinschaft Preu\u00dfen M\u00fcnster e. V.\",\"url\":\"https:\/\/www.fanprojekt-muenster.de\/wordpress\/\",\"logo\":{\"@type\":\"ImageObject\",\"inLanguage\":\"de\",\"@id\":\"https:\/\/www.fanprojekt-muenster.de\/wordpress\/#\/schema\/logo\/image\/\",\"url\":\"https:\/\/www.fanprojekt-muenster.de\/wordpress\/wp-content\/uploads\/2019\/07\/cropped-Website_Logo3-9.png\",\"contentUrl\":\"https:\/\/www.fanprojekt-muenster.de\/wordpress\/wp-content\/uploads\/2019\/07\/cropped-Website_Logo3-9.png\",\"width\":224,\"height\":42,\"caption\":\"Fangemeinschaft Preu\u00dfen M\u00fcnster e. V.\"},\"image\":{\"@id\":\"https:\/\/www.fanprojekt-muenster.de\/wordpress\/#\/schema\/logo\/image\/\"}}]}<\/script>\n<!-- \/ Yoast SEO plugin. -->","yoast_head_json":{"title":"Neujahrsempfang 2015 - Fangemeinschaft Preu\u00dfen M\u00fcnster e. V.","robots":{"index":"index","follow":"follow","max-snippet":"max-snippet:-1","max-image-preview":"max-image-preview:large","max-video-preview":"max-video-preview:-1"},"canonical":"https:\/\/www.fanprojekt-muenster.de\/wordpress\/galerien\/neujahrsempfang-2015\/","og_locale":"de_DE","og_type":"article","og_title":"Neujahrsempfang 2015 - Fangemeinschaft Preu\u00dfen M\u00fcnster e. V.","og_description":"Datum: 10.01.2015 Teilnehmer: 200 Ort: VIP-Raum Trib\u00fcne","og_url":"https:\/\/www.fanprojekt-muenster.de\/wordpress\/galerien\/neujahrsempfang-2015\/","og_site_name":"Fangemeinschaft Preu\u00dfen M\u00fcnster e. V.","twitter_card":"summary_large_image","schema":{"@context":"https:\/\/schema.org","@graph":[{"@type":"WebPage","@id":"https:\/\/www.fanprojekt-muenster.de\/wordpress\/galerien\/neujahrsempfang-2015\/","url":"https:\/\/www.fanprojekt-muenster.de\/wordpress\/galerien\/neujahrsempfang-2015\/","name":"Neujahrsempfang 2015 - Fangemeinschaft Preu\u00dfen M\u00fcnster e. V.","isPartOf":{"@id":"https:\/\/www.fanprojekt-muenster.de\/wordpress\/#website"},"datePublished":"2015-01-16T14:02:17+00:00","breadcrumb":{"@id":"https:\/\/www.fanprojekt-muenster.de\/wordpress\/galerien\/neujahrsempfang-2015\/#breadcrumb"},"inLanguage":"de","potentialAction":[{"@type":"ReadAction","target":["https:\/\/www.fanprojekt-muenster.de\/wordpress\/galerien\/neujahrsempfang-2015\/"]}]},{"@type":"BreadcrumbList","@id":"https:\/\/www.fanprojekt-muenster.de\/wordpress\/galerien\/neujahrsempfang-2015\/#breadcrumb","itemListElement":[{"@type":"ListItem","position":1,"name":"Startseite","item":"https:\/\/www.fanprojekt-muenster.de\/wordpress\/"},{"@type":"ListItem","position":2,"name":"Galerien","item":"https:\/\/www.fanprojekt-muenster.de\/wordpress\/galerien\/"},{"@type":"ListItem","position":3,"name":"Neujahrsempfang 2015"}]},{"@type":"WebSite","@id":"https:\/\/www.fanprojekt-muenster.de\/wordpress\/#website","url":"https:\/\/www.fanprojekt-muenster.de\/wordpress\/","name":"Fangemeinschaft Preu\u00dfen M\u00fcnster e. V.","description":"","publisher":{"@id":"https:\/\/www.fanprojekt-muenster.de\/wordpress\/#organization"},"potentialAction":[{"@type":"SearchAction","target":{"@type":"EntryPoint","urlTemplate":"https:\/\/www.fanprojekt-muenster.de\/wordpress\/?s={search_term_string}"},"query-input":{"@type":"PropertyValueSpecification","valueRequired":true,"valueName":"search_term_string"}}],"inLanguage":"de"},{"@type":"Organization","@id":"https:\/\/www.fanprojekt-muenster.de\/wordpress\/#organization","name":"Fangemeinschaft Preu\u00dfen M\u00fcnster e. V.","url":"https:\/\/www.fanprojekt-muenster.de\/wordpress\/","logo":{"@type":"ImageObject","inLanguage":"de","@id":"https:\/\/www.fanprojekt-muenster.de\/wordpress\/#\/schema\/logo\/image\/","url":"https:\/\/www.fanprojekt-muenster.de\/wordpress\/wp-content\/uploads\/2019\/07\/cropped-Website_Logo3-9.png","contentUrl":"https:\/\/www.fanprojekt-muenster.de\/wordpress\/wp-content\/uploads\/2019\/07\/cropped-Website_Logo3-9.png","width":224,"height":42,"caption":"Fangemeinschaft Preu\u00dfen M\u00fcnster e. V."},"image":{"@id":"https:\/\/www.fanprojekt-muenster.de\/wordpress\/#\/schema\/logo\/image\/"}}]}},"coauthors":[],"author_meta":{"author_link":"https:\/\/www.fanprojekt-muenster.de\/wordpress\/author\/fp_superadmin\/","display_name":"fp_superadmin"},"relative_dates":{"created":"Posted 11\u00a0Jahren ago","modified":"Updated 11\u00a0Jahren ago"},"absolute_dates":{"created":"Posted on 16. Januar 2015","modified":"Updated on 16. Januar 2015"},"absolute_dates_time":{"created":"Posted on 16. Januar 2015 16:02","modified":"Updated on 16. Januar 2015 16:02"},"featured_img_caption":"","featured_img":false,"series_order":"","_links":{"self":[{"href":"https:\/\/www.fanprojekt-muenster.de\/wordpress\/wp-json\/wp\/v2\/pages\/3859","targetHints":{"allow":["GET"]}}],"collection":[{"href":"https:\/\/www.fanprojekt-muenster.de\/wordpress\/wp-json\/wp\/v2\/pages"}],"about":[{"href":"https:\/\/www.fanprojekt-muenster.de\/wordpress\/wp-json\/wp\/v2\/types\/page"}],"author":[{"embeddable":true,"href":"https:\/\/www.fanprojekt-muenster.de\/wordpress\/wp-json\/wp\/v2\/users\/2"}],"replies":[{"embeddable":true,"href":"https:\/\/www.fanprojekt-muenster.de\/wordpress\/wp-json\/wp\/v2\/comments?post=3859"}],"version-history":[{"count":0,"href":"https:\/\/www.fanprojekt-muenster.de\/wordpress\/wp-json\/wp\/v2\/pages\/3859\/revisions"}],"up":[{"embeddable":true,"href":"https:\/\/www.fanprojekt-muenster.de\/wordpress\/wp-json\/wp\/v2\/pages\/3865"}],"wp:attachment":[{"href":"https:\/\/www.fanprojekt-muenster.de\/wordpress\/wp-json\/wp\/v2\/media?parent=3859"}],"curies":[{"name":"wp","href":"https:\/\/api.w.org\/{rel}","templated":true}]}}

<p>Datum: 10.01.2015<br />
Teilnehmer: 200<br />
Ort: VIP-Raum Tribüne</p>

<p>Datum: 10.01.2015 Teilnehmer: 200 Ort: VIP-Raum Tribüne</p>

<!-- This site is optimized with the Yoast SEO plugin v27.2 - https://yoast.com/product/yoast-seo-wordpress/ -->
<title>Neujahrsempfang 2015 - Fangemeinschaft Preußen Münster e. V.</title>
<meta name="robots" content="index, follow, max-snippet:-1, max-image-preview:large, max-video-preview:-1" />
<link rel="canonical" href="https://www.fanprojekt-muenster.de/wordpress/galerien/neujahrsempfang-2015/" />
<meta property="og:locale" content="de_DE" />
<meta property="og:type" content="article" />
<meta property="og:title" content="Neujahrsempfang 2015 - Fangemeinschaft Preußen Münster e. V." />
<meta property="og:description" content="Datum: 10.01.2015 Teilnehmer: 200 Ort: VIP-Raum Tribüne" />
<meta property="og:url" content="https://www.fanprojekt-muenster.de/wordpress/galerien/neujahrsempfang-2015/" />
<meta property="og:site_name" content="Fangemeinschaft Preußen Münster e. V." />
<meta name="twitter:card" content="summary_large_image" />
<script type="application/ld+json" class="yoast-schema-graph">{"@context":"https://schema.org","@graph":[{"@type":"WebPage","@id":"https://www.fanprojekt-muenster.de/wordpress/galerien/neujahrsempfang-2015/","url":"https://www.fanprojekt-muenster.de/wordpress/galerien/neujahrsempfang-2015/","name":"Neujahrsempfang 2015 - Fangemeinschaft Preußen Münster e. V.","isPartOf":{"@id":"https://www.fanprojekt-muenster.de/wordpress/#website"},"datePublished":"2015-01-16T14:02:17+00:00","breadcrumb":{"@id":"https://www.fanprojekt-muenster.de/wordpress/galerien/neujahrsempfang-2015/#breadcrumb"},"inLanguage":"de","potentialAction":[{"@type":"ReadAction","target":["https://www.fanprojekt-muenster.de/wordpress/galerien/neujahrsempfang-2015/"]}]},{"@type":"BreadcrumbList","@id":"https://www.fanprojekt-muenster.de/wordpress/galerien/neujahrsempfang-2015/#breadcrumb","itemListElement":[{"@type":"ListItem","position":1,"name":"Startseite","item":"https://www.fanprojekt-muenster.de/wordpress/"},{"@type":"ListItem","position":2,"name":"Galerien","item":"https://www.fanprojekt-muenster.de/wordpress/galerien/"},{"@type":"ListItem","position":3,"name":"Neujahrsempfang 2015"}]},{"@type":"WebSite","@id":"https://www.fanprojekt-muenster.de/wordpress/#website","url":"https://www.fanprojekt-muenster.de/wordpress/","name":"Fangemeinschaft Preußen Münster e. V.","description":"","publisher":{"@id":"https://www.fanprojekt-muenster.de/wordpress/#organization"},"potentialAction":[{"@type":"SearchAction","target":{"@type":"EntryPoint","urlTemplate":"https://www.fanprojekt-muenster.de/wordpress/?s={search_term_string}"},"query-input":{"@type":"PropertyValueSpecification","valueRequired":true,"valueName":"search_term_string"}}],"inLanguage":"de"},{"@type":"Organization","@id":"https://www.fanprojekt-muenster.de/wordpress/#organization","name":"Fangemeinschaft Preußen Münster e. V.","url":"https://www.fanprojekt-muenster.de/wordpress/","logo":{"@type":"ImageObject","inLanguage":"de","@id":"https://www.fanprojekt-muenster.de/wordpress/#/schema/logo/image/","url":"https://www.fanprojekt-muenster.de/wordpress/wp-content/uploads/2019/07/cropped-Website_Logo3-9.png","contentUrl":"https://www.fanprojekt-muenster.de/wordpress/wp-content/uploads/2019/07/cropped-Website_Logo3-9.png","width":224,"height":42,"caption":"Fangemeinschaft Preußen Münster e. V."},"image":{"@id":"https://www.fanprojekt-muenster.de/wordpress/#/schema/logo/image/"}}]}</script>
<!-- / Yoast SEO plugin. -->

Neujahrsempfang 2015 - Fangemeinschaft Preußen Münster e. V.

Datum: 10.01.2015 Teilnehmer: 200 Ort: VIP-Raum Tribüne

Fangemeinschaft Preußen Münster e. V.
