{"id":338,"date":"2013-06-13T19:05:49","date_gmt":"2013-06-13T17:05:49","guid":{"rendered":"http:\/\/www.fanprojekt-muenster.de\/fp\/?page_id=338"},"modified":"2022-01-21T22:50:41","modified_gmt":"2022-01-21T21:50:41","slug":"auswaertsfahrten","status":"publish","type":"page","link":"https:\/\/www.fanprojekt-muenster.de\/wordpress\/auswaertsspiele\/auswaertsfahrten\/","title":{"rendered":"Ausw\u00e4rtsfahrten"},"content":{"rendered":"\n<p><strong>Linie 1906<\/strong><\/p>\n\n\n\n<div class=\"wp-block-image\"><figure class=\"alignright\"><a href=\"http:\/\/www.linie1906.de\"><img decoding=\"async\" src=\"http:\/\/www.fanprojekt-muenster.de\/wp\/wp-content\/uploads\/2013\/06\/linie1906-300x150.png\" alt=\"linie1906\" class=\"wp-image-4795\"\/><\/a><figcaption> Die Linie1906 jetzt mit eigener Internetseite.<\/figcaption><\/figure><\/div>\n\n\n\n<p>Interessierte Preu\u00dfenfans k\u00f6nnen das Busangebot der Linie 1906 in Anspruch nehmen.&nbsp;Die Hauptorganisatorin Sabine Plieth und Fanbeauftragter Raimund Plieth begleiten seit Jahren alle Ausw\u00e4rtsfahrten unseres Vereines Preu\u00dfen M\u00fcnster in ganz Deutschland.&nbsp;Ziel ist es, immer einen Bus mit fairen Preisen zu starten, sowie eine kurzweilige Fahrt f\u00fcr die Fans zu gestalten. Dies wird durch verschiedene Aktionen w\u00e4hrend der Fahrt, wie z. B. das geliebte Bingospiel mit tollen Preisen umgesetzt.<\/p>\n\n\n\n<p>Alle Preise, Abfahrtzeiten und Anmeldeinformationen findet Ihr auf der Internetseite:&nbsp;<a href=\"http:\/\/www.linie1906.de\/\" target=\"_blank\" rel=\"noreferrer noopener\">http:\/\/www.linie1906.de\/<\/a><\/p>\n\n\n\n<p>Anmeldungen zu Ausw\u00e4rtsfahrten werden&nbsp;bei den Heimspielen am Stand der Linie 1906 im Stadion oder aber \u00fcber das&nbsp;<a href=\"http:\/\/www.linie1906.de\/kontakt\/\" target=\"_blank\" rel=\"noreferrer noopener\">Kontaktformular<\/a> der Webseite&nbsp;entgegengenommen.<\/p>\n\n\n\n<hr class=\"wp-block-separator\"\/>\n\n\n\n<p><strong>Hiltruper Preu\u00dfen Bus<\/strong><\/p>\n\n\n\n<p>Auch in Hiltrup gibt es Preu\u00dfen Fans,&nbsp; diese und weitere interessierte k\u00f6nnen mit dem Hiltruper Preu\u00dfen Bus zu den Ausw\u00e4rtsfahrten des Vereins fahren. Seit 2006 werden immer wieder Fahrten zu den Spielen angeboten, ob und wann die n\u00e4chste Fahrt stattfindet entnehmt Ihr der Webseite.<br><\/p>\n\n\n\n<p>Alle Preise, Abfahrtzeiten und Anmeldeinformationen findet Ihr auf der Internetseite: <a href=\"http:\/\/www.hiltruper-preussenbus.de\/\">http:\/\/www.hiltruper-preussenbus.de\/<\/a><\/p>\n\n\n\n<p> <\/p>\n\n\n\n<hr class=\"wp-block-separator\"\/>\n\n\n\n<p><strong>Gertie&#8217;s Adler<\/strong><\/p>\n\n\n\n<p> Gertie&#8217;s Adler, der erste Fanclub in der Geschichte des SCP, hat eine lange Tradition, auch dieser Fanclub bietet Fahrten an. \u00dcber die Seite <a href=\"https:\/\/gerties-adler.chayns.net\">https:\/\/gerties-adler.chayns.net<\/a> kann man sich \u00fcber den Club informieren.<br><\/p>\n\n\n\n<p>Alle Preise, Abfahrtzeiten und Anmeldeinformationen findet Ihr auf der Internetseite:  <br><a href=\"https:\/\/gerties-adler.chayns.net\">https:\/\/gerties-adler.chayns.net<\/a> <br><\/p>\n","protected":false},"excerpt":{"rendered":"<p>Linie 1906 Interessierte Preu\u00dfenfans k\u00f6nnen das Busangebot der Linie 1906 in Anspruch nehmen.&nbsp;Die Hauptorganisatorin Sabine Plieth und Fanbeauftragter Raimund Plieth begleiten seit Jahren alle Ausw\u00e4rtsfahrten unseres Vereines Preu\u00dfen M\u00fcnster in&#8230; <a class=\"read-more-link\" href=\"https:\/\/www.fanprojekt-muenster.de\/wordpress\/auswaertsspiele\/auswaertsfahrten\/\">Read more &raquo;<\/a><\/p>\n","protected":false},"author":2,"featured_media":0,"parent":4896,"menu_order":2,"comment_status":"closed","ping_status":"closed","template":"","meta":{"advgb_blocks_editor_width":"","advgb_blocks_columns_visual_guide":"","footnotes":""},"class_list":["post-338","page","type-page","status-publish","hentry"],"featured_image_src":null,"yoast_head":"<!-- This site is optimized with the Yoast SEO plugin v27.2 - https:\/\/yoast.com\/product\/yoast-seo-wordpress\/ -->\n<title>Ausw\u00e4rtsfahrten - Fangemeinschaft Preu\u00dfen M\u00fcnster e. V.<\/title>\n<meta name=\"robots\" content=\"index, follow, max-snippet:-1, max-image-preview:large, max-video-preview:-1\" \/>\n<link rel=\"canonical\" href=\"https:\/\/www.fanprojekt-muenster.de\/wordpress\/auswaertsspiele\/auswaertsfahrten\/\" \/>\n<meta property=\"og:locale\" content=\"de_DE\" \/>\n<meta property=\"og:type\" content=\"article\" \/>\n<meta property=\"og:title\" content=\"Ausw\u00e4rtsfahrten - Fangemeinschaft Preu\u00dfen M\u00fcnster e. V.\" \/>\n<meta property=\"og:description\" content=\"Linie 1906 Interessierte Preu\u00dfenfans k\u00f6nnen das Busangebot der Linie 1906 in Anspruch nehmen.&nbsp;Die Hauptorganisatorin Sabine Plieth und Fanbeauftragter Raimund Plieth begleiten seit Jahren alle Ausw\u00e4rtsfahrten unseres Vereines Preu\u00dfen M\u00fcnster in... Read more &raquo;\" \/>\n<meta property=\"og:url\" content=\"https:\/\/www.fanprojekt-muenster.de\/wordpress\/auswaertsspiele\/auswaertsfahrten\/\" \/>\n<meta property=\"og:site_name\" content=\"Fangemeinschaft Preu\u00dfen M\u00fcnster e. V.\" \/>\n<meta property=\"article:modified_time\" content=\"2022-01-21T21:50:41+00:00\" \/>\n<meta property=\"og:image\" content=\"http:\/\/www.fanprojekt-muenster.de\/wp\/wp-content\/uploads\/2013\/06\/linie1906-300x150.png\" \/>\n<meta name=\"twitter:card\" content=\"summary_large_image\" \/>\n<meta name=\"twitter:label1\" content=\"Gesch\u00e4tzte Lesezeit\" \/>\n\t<meta name=\"twitter:data1\" content=\"2\u00a0Minuten\" \/>\n<script type=\"application\/ld+json\" class=\"yoast-schema-graph\">{\"@context\":\"https:\/\/schema.org\",\"@graph\":[{\"@type\":\"WebPage\",\"@id\":\"https:\/\/www.fanprojekt-muenster.de\/wordpress\/auswaertsspiele\/auswaertsfahrten\/\",\"url\":\"https:\/\/www.fanprojekt-muenster.de\/wordpress\/auswaertsspiele\/auswaertsfahrten\/\",\"name\":\"Ausw\u00e4rtsfahrten - Fangemeinschaft Preu\u00dfen M\u00fcnster e. V.\",\"isPartOf\":{\"@id\":\"https:\/\/www.fanprojekt-muenster.de\/wordpress\/#website\"},\"primaryImageOfPage\":{\"@id\":\"https:\/\/www.fanprojekt-muenster.de\/wordpress\/auswaertsspiele\/auswaertsfahrten\/#primaryimage\"},\"image\":{\"@id\":\"https:\/\/www.fanprojekt-muenster.de\/wordpress\/auswaertsspiele\/auswaertsfahrten\/#primaryimage\"},\"thumbnailUrl\":\"http:\/\/www.fanprojekt-muenster.de\/wp\/wp-content\/uploads\/2013\/06\/linie1906-300x150.png\",\"datePublished\":\"2013-06-13T17:05:49+00:00\",\"dateModified\":\"2022-01-21T21:50:41+00:00\",\"breadcrumb\":{\"@id\":\"https:\/\/www.fanprojekt-muenster.de\/wordpress\/auswaertsspiele\/auswaertsfahrten\/#breadcrumb\"},\"inLanguage\":\"de\",\"potentialAction\":[{\"@type\":\"ReadAction\",\"target\":[\"https:\/\/www.fanprojekt-muenster.de\/wordpress\/auswaertsspiele\/auswaertsfahrten\/\"]}]},{\"@type\":\"ImageObject\",\"inLanguage\":\"de\",\"@id\":\"https:\/\/www.fanprojekt-muenster.de\/wordpress\/auswaertsspiele\/auswaertsfahrten\/#primaryimage\",\"url\":\"http:\/\/www.fanprojekt-muenster.de\/wp\/wp-content\/uploads\/2013\/06\/linie1906-300x150.png\",\"contentUrl\":\"http:\/\/www.fanprojekt-muenster.de\/wp\/wp-content\/uploads\/2013\/06\/linie1906-300x150.png\"},{\"@type\":\"BreadcrumbList\",\"@id\":\"https:\/\/www.fanprojekt-muenster.de\/wordpress\/auswaertsspiele\/auswaertsfahrten\/#breadcrumb\",\"itemListElement\":[{\"@type\":\"ListItem\",\"position\":1,\"name\":\"Startseite\",\"item\":\"https:\/\/www.fanprojekt-muenster.de\/wordpress\/\"},{\"@type\":\"ListItem\",\"position\":2,\"name\":\"Ausw\u00e4rtsspiele\",\"item\":\"https:\/\/www.fanprojekt-muenster.de\/wordpress\/auswaertsspiele\/\"},{\"@type\":\"ListItem\",\"position\":3,\"name\":\"Ausw\u00e4rtsfahrten\"}]},{\"@type\":\"WebSite\",\"@id\":\"https:\/\/www.fanprojekt-muenster.de\/wordpress\/#website\",\"url\":\"https:\/\/www.fanprojekt-muenster.de\/wordpress\/\",\"name\":\"Fangemeinschaft Preu\u00dfen M\u00fcnster e. V.\",\"description\":\"\",\"publisher\":{\"@id\":\"https:\/\/www.fanprojekt-muenster.de\/wordpress\/#organization\"},\"potentialAction\":[{\"@type\":\"SearchAction\",\"target\":{\"@type\":\"EntryPoint\",\"urlTemplate\":\"https:\/\/www.fanprojekt-muenster.de\/wordpress\/?s={search_term_string}\"},\"query-input\":{\"@type\":\"PropertyValueSpecification\",\"valueRequired\":true,\"valueName\":\"search_term_string\"}}],\"inLanguage\":\"de\"},{\"@type\":\"Organization\",\"@id\":\"https:\/\/www.fanprojekt-muenster.de\/wordpress\/#organization\",\"name\":\"Fangemeinschaft Preu\u00dfen M\u00fcnster e. V.\",\"url\":\"https:\/\/www.fanprojekt-muenster.de\/wordpress\/\",\"logo\":{\"@type\":\"ImageObject\",\"inLanguage\":\"de\",\"@id\":\"https:\/\/www.fanprojekt-muenster.de\/wordpress\/#\/schema\/logo\/image\/\",\"url\":\"https:\/\/www.fanprojekt-muenster.de\/wordpress\/wp-content\/uploads\/2019\/07\/cropped-Website_Logo3-9.png\",\"contentUrl\":\"https:\/\/www.fanprojekt-muenster.de\/wordpress\/wp-content\/uploads\/2019\/07\/cropped-Website_Logo3-9.png\",\"width\":224,\"height\":42,\"caption\":\"Fangemeinschaft Preu\u00dfen M\u00fcnster e. V.\"},\"image\":{\"@id\":\"https:\/\/www.fanprojekt-muenster.de\/wordpress\/#\/schema\/logo\/image\/\"}}]}<\/script>\n<!-- \/ Yoast SEO plugin. -->","yoast_head_json":{"title":"Ausw\u00e4rtsfahrten - Fangemeinschaft Preu\u00dfen M\u00fcnster e. V.","robots":{"index":"index","follow":"follow","max-snippet":"max-snippet:-1","max-image-preview":"max-image-preview:large","max-video-preview":"max-video-preview:-1"},"canonical":"https:\/\/www.fanprojekt-muenster.de\/wordpress\/auswaertsspiele\/auswaertsfahrten\/","og_locale":"de_DE","og_type":"article","og_title":"Ausw\u00e4rtsfahrten - Fangemeinschaft Preu\u00dfen M\u00fcnster e. V.","og_description":"Linie 1906 Interessierte Preu\u00dfenfans k\u00f6nnen das Busangebot der Linie 1906 in Anspruch nehmen.&nbsp;Die Hauptorganisatorin Sabine Plieth und Fanbeauftragter Raimund Plieth begleiten seit Jahren alle Ausw\u00e4rtsfahrten unseres Vereines Preu\u00dfen M\u00fcnster in... Read more &raquo;","og_url":"https:\/\/www.fanprojekt-muenster.de\/wordpress\/auswaertsspiele\/auswaertsfahrten\/","og_site_name":"Fangemeinschaft Preu\u00dfen M\u00fcnster e. V.","article_modified_time":"2022-01-21T21:50:41+00:00","og_image":[{"url":"http:\/\/www.fanprojekt-muenster.de\/wp\/wp-content\/uploads\/2013\/06\/linie1906-300x150.png","type":"","width":"","height":""}],"twitter_card":"summary_large_image","twitter_misc":{"Gesch\u00e4tzte Lesezeit":"2\u00a0Minuten"},"schema":{"@context":"https:\/\/schema.org","@graph":[{"@type":"WebPage","@id":"https:\/\/www.fanprojekt-muenster.de\/wordpress\/auswaertsspiele\/auswaertsfahrten\/","url":"https:\/\/www.fanprojekt-muenster.de\/wordpress\/auswaertsspiele\/auswaertsfahrten\/","name":"Ausw\u00e4rtsfahrten - Fangemeinschaft Preu\u00dfen M\u00fcnster e. V.","isPartOf":{"@id":"https:\/\/www.fanprojekt-muenster.de\/wordpress\/#website"},"primaryImageOfPage":{"@id":"https:\/\/www.fanprojekt-muenster.de\/wordpress\/auswaertsspiele\/auswaertsfahrten\/#primaryimage"},"image":{"@id":"https:\/\/www.fanprojekt-muenster.de\/wordpress\/auswaertsspiele\/auswaertsfahrten\/#primaryimage"},"thumbnailUrl":"http:\/\/www.fanprojekt-muenster.de\/wp\/wp-content\/uploads\/2013\/06\/linie1906-300x150.png","datePublished":"2013-06-13T17:05:49+00:00","dateModified":"2022-01-21T21:50:41+00:00","breadcrumb":{"@id":"https:\/\/www.fanprojekt-muenster.de\/wordpress\/auswaertsspiele\/auswaertsfahrten\/#breadcrumb"},"inLanguage":"de","potentialAction":[{"@type":"ReadAction","target":["https:\/\/www.fanprojekt-muenster.de\/wordpress\/auswaertsspiele\/auswaertsfahrten\/"]}]},{"@type":"ImageObject","inLanguage":"de","@id":"https:\/\/www.fanprojekt-muenster.de\/wordpress\/auswaertsspiele\/auswaertsfahrten\/#primaryimage","url":"http:\/\/www.fanprojekt-muenster.de\/wp\/wp-content\/uploads\/2013\/06\/linie1906-300x150.png","contentUrl":"http:\/\/www.fanprojekt-muenster.de\/wp\/wp-content\/uploads\/2013\/06\/linie1906-300x150.png"},{"@type":"BreadcrumbList","@id":"https:\/\/www.fanprojekt-muenster.de\/wordpress\/auswaertsspiele\/auswaertsfahrten\/#breadcrumb","itemListElement":[{"@type":"ListItem","position":1,"name":"Startseite","item":"https:\/\/www.fanprojekt-muenster.de\/wordpress\/"},{"@type":"ListItem","position":2,"name":"Ausw\u00e4rtsspiele","item":"https:\/\/www.fanprojekt-muenster.de\/wordpress\/auswaertsspiele\/"},{"@type":"ListItem","position":3,"name":"Ausw\u00e4rtsfahrten"}]},{"@type":"WebSite","@id":"https:\/\/www.fanprojekt-muenster.de\/wordpress\/#website","url":"https:\/\/www.fanprojekt-muenster.de\/wordpress\/","name":"Fangemeinschaft Preu\u00dfen M\u00fcnster e. V.","description":"","publisher":{"@id":"https:\/\/www.fanprojekt-muenster.de\/wordpress\/#organization"},"potentialAction":[{"@type":"SearchAction","target":{"@type":"EntryPoint","urlTemplate":"https:\/\/www.fanprojekt-muenster.de\/wordpress\/?s={search_term_string}"},"query-input":{"@type":"PropertyValueSpecification","valueRequired":true,"valueName":"search_term_string"}}],"inLanguage":"de"},{"@type":"Organization","@id":"https:\/\/www.fanprojekt-muenster.de\/wordpress\/#organization","name":"Fangemeinschaft Preu\u00dfen M\u00fcnster e. V.","url":"https:\/\/www.fanprojekt-muenster.de\/wordpress\/","logo":{"@type":"ImageObject","inLanguage":"de","@id":"https:\/\/www.fanprojekt-muenster.de\/wordpress\/#\/schema\/logo\/image\/","url":"https:\/\/www.fanprojekt-muenster.de\/wordpress\/wp-content\/uploads\/2019\/07\/cropped-Website_Logo3-9.png","contentUrl":"https:\/\/www.fanprojekt-muenster.de\/wordpress\/wp-content\/uploads\/2019\/07\/cropped-Website_Logo3-9.png","width":224,"height":42,"caption":"Fangemeinschaft Preu\u00dfen M\u00fcnster e. V."},"image":{"@id":"https:\/\/www.fanprojekt-muenster.de\/wordpress\/#\/schema\/logo\/image\/"}}]}},"coauthors":[],"author_meta":{"author_link":"https:\/\/www.fanprojekt-muenster.de\/wordpress\/author\/fp_superadmin\/","display_name":"fp_superadmin"},"relative_dates":{"created":"Posted 13\u00a0Jahren ago","modified":"Updated 4\u00a0Jahren ago"},"absolute_dates":{"created":"Posted on 13. Juni 2013","modified":"Updated on 21. Januar 2022"},"absolute_dates_time":{"created":"Posted on 13. Juni 2013 19:05","modified":"Updated on 21. Januar 2022 22:50"},"featured_img_caption":"","featured_img":false,"series_order":"","_links":{"self":[{"href":"https:\/\/www.fanprojekt-muenster.de\/wordpress\/wp-json\/wp\/v2\/pages\/338","targetHints":{"allow":["GET"]}}],"collection":[{"href":"https:\/\/www.fanprojekt-muenster.de\/wordpress\/wp-json\/wp\/v2\/pages"}],"about":[{"href":"https:\/\/www.fanprojekt-muenster.de\/wordpress\/wp-json\/wp\/v2\/types\/page"}],"author":[{"embeddable":true,"href":"https:\/\/www.fanprojekt-muenster.de\/wordpress\/wp-json\/wp\/v2\/users\/2"}],"replies":[{"embeddable":true,"href":"https:\/\/www.fanprojekt-muenster.de\/wordpress\/wp-json\/wp\/v2\/comments?post=338"}],"version-history":[{"count":5,"href":"https:\/\/www.fanprojekt-muenster.de\/wordpress\/wp-json\/wp\/v2\/pages\/338\/revisions"}],"predecessor-version":[{"id":8657,"href":"https:\/\/www.fanprojekt-muenster.de\/wordpress\/wp-json\/wp\/v2\/pages\/338\/revisions\/8657"}],"up":[{"embeddable":true,"href":"https:\/\/www.fanprojekt-muenster.de\/wordpress\/wp-json\/wp\/v2\/pages\/4896"}],"wp:attachment":[{"href":"https:\/\/www.fanprojekt-muenster.de\/wordpress\/wp-json\/wp\/v2\/media?parent=338"}],"curies":[{"name":"wp","href":"https:\/\/api.w.org\/{rel}","templated":true}]}}